CRAN Package Check Results for Package mets

Last updated on 2021-11-29 22:59:16 CET.

Flavor Version Tinstall Tcheck Ttotal Status Flags
r-devel-linux-x86_64-debian-clang 1.2.9 350.71 510.97 861.68 OK
r-devel-linux-x86_64-debian-gcc 1.2.9 265.91 375.54 641.45 OK
r-devel-linux-x86_64-fedora-clang 1.2.9 1167.56 NOTE
r-devel-linux-x86_64-fedora-gcc 1.2.9 1105.81 OK
r-devel-windows-x86_64-new-UL 1.2.9 447.00 765.00 1212.00 NOTE
r-devel-windows-x86_64-new-TK 1.2.9 OK
r-devel-windows-x86_64-old 1.2.9 424.00 558.00 982.00 NOTE
r-patched-linux-x86_64 1.2.9 318.06 524.56 842.62 OK
r-patched-solaris-x86 1.2.9 821.60 NOTE
r-release-linux-x86_64 1.2.9 306.93 525.58 832.51 OK
r-release-macos-arm64 1.2.9 NOTE
r-release-macos-x86_64 1.2.9 NOTE
r-release-windows-ix86+x86_64 1.2.9 770.00 615.00 1385.00 NOTE
r-oldrel-macos-x86_64 1.2.9 NOTE
r-oldrel-windows-ix86+x86_64 1.2.9 557.00 614.00 1171.00 NOTE

Check Details

Version: 1.2.9
Check: installed package size
Result: NOTE
     installed size is 29.0Mb
     sub-directories of 1Mb or more:
     R 1.5Mb
     data 2.8Mb
     doc 4.1Mb
     libs 19.8Mb
Flavors: r-devel-linux-x86_64-fedora-clang, r-devel-windows-x86_64-new-UL, r-devel-windows-x86_64-old, r-patched-solaris-x86, r-release-macos-arm64, r-release-macos-x86_64, r-release-windows-ix86+x86_64, r-oldrel-macos-x86_64, r-oldrel-windows-ix86+x86_64