CRAN Package Check Results for Package mi

Last updated on 2024-02-20 23:53:59 CET.

Flavor Version Tinstall Tcheck Ttotal Status Flags
r-devel-linux-x86_64-debian-clang 1.1 NOTE
r-devel-linux-x86_64-debian-gcc 1.1 22.48 113.86 136.34 NOTE
r-devel-linux-x86_64-fedora-clang 1.1 223.43 OK
r-devel-linux-x86_64-fedora-gcc 1.1 255.63 OK
r-devel-windows-x86_64 1.1 24.00 133.00 157.00 OK
r-patched-linux-x86_64 1.1 35.12 149.39 184.51 OK
r-release-linux-x86_64 1.1 23.66 151.10 174.76 OK
r-release-macos-arm64 1.1 95.00 OK
r-release-macos-x86_64 1.1 150.00 OK
r-release-windows-x86_64 1.1 33.00 169.00 202.00 OK
r-oldrel-macos-arm64 1.1 85.00 OK
r-oldrel-windows-x86_64 1.1 33.00 162.00 195.00 OK

Check Details

Version: 1.1
Check: Rd files
Result: NOTE checkRd: (-1) rdata.frame.Rd:132: Lost braces in \enumerate; \value handles \item{}{} directly checkRd: (-1) rdata.frame.Rd:133-134: Lost braces in \enumerate; \value handles \item{}{} directly checkRd: (-1) rdata.frame.Rd:135-137: Lost braces in \enumerate; \value handles \item{}{} directly checkRd: (-1) rdata.frame.Rd:138-139: Lost braces in \enumerate; \value handles \item{}{} directly checkRd: (-1) rdata.frame.Rd:144: Lost braces in \enumerate; \value handles \item{}{} directly checkRd: (-1) rdata.frame.Rd:145-147: Lost braces in \enumerate; \value handles \item{}{} directly checkRd: (-1) rdata.frame.Rd:148-150: Lost braces in \enumerate; \value handles \item{}{} directly Flavors: r-devel-linux-x86_64-debian-clang, r-devel-linux-x86_64-debian-gcc