CRAN Package Check Results for Package miWQS

Last updated on 2024-02-21 23:11:34 CET.

Flavor Version Tinstall Tcheck Ttotal Status Flags
r-devel-linux-x86_64-debian-clang 0.4.4 OK
r-devel-linux-x86_64-debian-gcc 0.4.4 12.29 130.13 142.42 OK
r-devel-linux-x86_64-fedora-clang 0.4.4 253.05 NOTE
r-devel-linux-x86_64-fedora-gcc 0.4.4 258.07 NOTE
r-devel-windows-x86_64 0.4.4 16.00 220.00 236.00 OK
r-patched-linux-x86_64 0.4.4 20.74 168.45 189.19 OK
r-release-linux-x86_64 0.4.4 11.57 166.28 177.85 OK
r-release-macos-arm64 0.4.4 80.00 OK
r-release-macos-x86_64 0.4.4 122.00 OK
r-release-windows-x86_64 0.4.4 21.00 264.00 285.00 OK
r-oldrel-macos-arm64 0.4.4 74.00 OK
r-oldrel-windows-x86_64 0.4.4 21.00 195.00 216.00 OK

Check Details

Version: 0.4.4
Check: for detritus in the temp directory
Result: NOTE Found the following files/directories: ‘par-7269706c6579’ Flavors: r-devel-linux-x86_64-fedora-clang, r-devel-linux-x86_64-fedora-gcc