CRAN Package Check Results for Package micEcon

Last updated on 2021-11-28 22:51:20 CET.

Flavor Version Tinstall Tcheck Ttotal Status Flags
r-devel-linux-x86_64-debian-clang 0.6-16 OK
r-devel-linux-x86_64-debian-gcc 0.6-16 4.39 53.27 57.66 OK
r-devel-linux-x86_64-fedora-clang 0.6-16 101.70 NOTE
r-devel-linux-x86_64-fedora-gcc 0.6-16 98.24 OK
r-devel-windows-x86_64-new-UL 0.6-16 16.00 117.00 133.00 OK
r-devel-windows-x86_64-new-TK 0.6-16 OK
r-devel-windows-x86_64-old 0.6-16 9.00 108.00 117.00 OK
r-patched-linux-x86_64 0.6-16 8.40 65.78 74.18 OK
r-patched-solaris-x86 0.6-16 121.90 OK
r-release-linux-x86_64 0.6-16 6.75 65.54 72.29 OK
r-release-macos-arm64 0.6-16 OK
r-release-macos-x86_64 0.6-16 OK
r-release-windows-ix86+x86_64 0.6-16 13.00 71.00 84.00 OK
r-oldrel-macos-x86_64 0.6-16 OK
r-oldrel-windows-ix86+x86_64 0.6-16 8.00 98.00 106.00 OK

Check Details

Version: 0.6-16
Check: Rd cross-references
Result: NOTE
    Undeclared packages ‘micEconAids’, ‘micEconSNQP’ in Rd xrefs
Flavor: r-devel-linux-x86_64-fedora-clang