CRAN Package Check Results for Package miceFast

Last updated on 2022-05-20 22:53:15 CEST.

Flavor Version Tinstall Tcheck Ttotal Status Flags
r-devel-linux-x86_64-debian-clang 0.8.1 116.96 99.19 216.15 OK
r-devel-linux-x86_64-debian-gcc 0.8.1 97.74 70.18 167.92 OK
r-devel-linux-x86_64-fedora-clang 0.8.1 304.14 NOTE
r-devel-linux-x86_64-fedora-gcc 0.8.1 268.61 OK
r-devel-windows-x86_64 0.8.1 99.00 133.00 232.00 OK
r-patched-linux-x86_64 0.8.1 101.65 88.42 190.07 OK
r-release-linux-x86_64 0.8.1 108.77 89.14 197.91 OK
r-release-macos-arm64 0.8.1 65.00 NOTE
r-release-macos-x86_64 0.8.1 87.00 NOTE
r-release-windows-x86_64 0.8.1 96.00 139.00 235.00 OK
r-oldrel-macos-arm64 0.8.1 66.00 NOTE
r-oldrel-macos-x86_64 0.8.1 86.00 NOTE
r-oldrel-windows-ix86+x86_64 0.8.1 282.00 171.00 453.00 OK

Check Details

Version: 0.8.1
Check: installed package size
Result: NOTE
     installed size is 7.6Mb
     sub-directories of 1Mb or more:
     doc 1.0Mb
     libs 6.3Mb
Flavors: r-devel-linux-x86_64-fedora-clang, r-release-macos-arm64, r-release-macos-x86_64, r-oldrel-macos-arm64, r-oldrel-macos-x86_64