CRAN Package Check Results for Package miceFast

Last updated on 2021-12-07 22:59:35 CET.

Flavor Version Tinstall Tcheck Ttotal Status Flags
r-devel-linux-x86_64-debian-clang 0.7.1 117.23 111.50 228.73 OK
r-devel-linux-x86_64-debian-gcc 0.7.1 86.58 81.18 167.76 OK
r-devel-linux-x86_64-fedora-clang 0.7.1 314.68 NOTE
r-devel-linux-x86_64-fedora-gcc 0.7.1 286.84 OK
r-devel-windows-x86_64-new-UL 0.7.1 150.00 183.00 333.00 OK
r-devel-windows-x86_64-new-TK 0.7.1 OK
r-devel-windows-x86_64-old 0.7.1 145.00 116.00 261.00 OK
r-patched-linux-x86_64 0.7.1 108.20 100.17 208.37 OK
r-release-linux-x86_64 0.7.1 103.03 99.71 202.74 OK
r-release-macos-arm64 0.7.1 NOTE
r-release-macos-x86_64 0.7.1 NOTE
r-release-windows-ix86+x86_64 0.7.1 207.00 201.00 408.00 OK
r-oldrel-macos-x86_64 0.7.1 NOTE
r-oldrel-windows-ix86+x86_64 0.7.1 282.00 188.00 470.00 OK

Check Details

Version: 0.7.1
Check: installed package size
Result: NOTE
     installed size is 9.1Mb
     sub-directories of 1Mb or more:
     doc 1.1Mb
     libs 7.7Mb
Flavors: r-devel-linux-x86_64-fedora-clang, r-release-macos-arm64, r-release-macos-x86_64, r-oldrel-macos-x86_64