CRAN Package Check Results for Package microservices

Last updated on 2021-12-02 22:55:58 CET.

Flavor Version Tinstall Tcheck Ttotal Status Flags
r-devel-linux-x86_64-debian-clang 0.1.2 2.44 26.58 29.02 OK
r-devel-linux-x86_64-debian-gcc 0.1.2 1.92 21.10 23.02 OK
r-devel-linux-x86_64-fedora-clang 0.1.2 47.45 NOTE
r-devel-linux-x86_64-fedora-gcc 0.1.2 36.79 NOTE
r-devel-windows-x86_64-new-UL 0.1.2 7.00 63.00 70.00 OK
r-devel-windows-x86_64-new-TK 0.1.2 NOTE
r-devel-windows-x86_64-old 0.1.2 5.00 35.00 40.00 OK
r-patched-linux-x86_64 0.1.2 2.42 25.72 28.14 OK
r-patched-solaris-x86 0.1.2 55.20 NOTE
r-release-linux-x86_64 0.1.2 2.34 25.37 27.71 OK
r-release-macos-arm64 0.1.2 NOTE
r-release-macos-x86_64 0.1.2 NOTE
r-release-windows-ix86+x86_64 0.1.2 6.00 46.00 52.00 OK
r-oldrel-macos-x86_64 0.1.2 NOTE
r-oldrel-windows-ix86+x86_64 0.1.2 6.00 48.00 54.00 OK

Check Details

Version: 0.1.2
Check: dependencies in R code
Result: NOTE
    Namespaces in Imports field not imported from:
     ‘config’ ‘desc’ ‘dplyr’ ‘glue’ ‘withr’
     All declared Imports should be used.
Flavors: r-devel-linux-x86_64-fedora-clang, r-devel-linux-x86_64-fedora-gcc, r-devel-windows-x86_64-new-TK, r-patched-solaris-x86, r-release-macos-arm64, r-release-macos-x86_64, r-oldrel-macos-x86_64