CRAN Package Check Results for Package milorGWAS

Last updated on 2022-07-05 22:50:27 CEST.

Flavor Version Tinstall Tcheck Ttotal Status Flags
r-devel-linux-x86_64-debian-clang 0.3 57.70 104.97 162.67 OK
r-devel-linux-x86_64-debian-gcc 0.3 48.07 79.49 127.56 OK
r-devel-linux-x86_64-fedora-clang 0.3 230.74 NOTE
r-devel-linux-x86_64-fedora-gcc 0.3 209.36 OK
r-devel-windows-x86_64 0.3 58.00 168.00 226.00 OK
r-patched-linux-x86_64 0.3 53.19 97.82 151.01 OK
r-release-linux-x86_64 0.3 47.26 97.34 144.60 OK
r-release-macos-arm64 0.3 52.00 NOTE
r-release-macos-x86_64 0.3 80.00 NOTE
r-release-windows-x86_64 0.3 136.00 158.00 294.00 OK
r-oldrel-macos-arm64 0.3 60.00 NOTE
r-oldrel-macos-x86_64 0.3 106.00 NOTE
r-oldrel-windows-ix86+x86_64 0.3 140.00 156.00 296.00 OK

Check Details

Version: 0.3
Check: installed package size
Result: NOTE
     installed size is 5.9Mb
     sub-directories of 1Mb or more:
     libs 5.3Mb
Flavors: r-devel-linux-x86_64-fedora-clang, r-release-macos-arm64, r-release-macos-x86_64, r-oldrel-macos-arm64, r-oldrel-macos-x86_64