CRAN Package Check Results for Package miniUI

Last updated on 2022-01-23 22:49:46 CET.

Flavor Version Tinstall Tcheck Ttotal Status Flags
r-devel-linux-x86_64-debian-clang 0.1.1.1 3.07 41.24 44.31 NOTE
r-devel-linux-x86_64-debian-gcc 0.1.1.1 2.61 35.44 38.05 NOTE
r-devel-linux-x86_64-fedora-clang 0.1.1.1 54.49 NOTE
r-devel-linux-x86_64-fedora-gcc 0.1.1.1 43.84 NOTE
r-devel-windows-x86_64-new-UL 0.1.1.1 21.00 61.00 82.00 NOTE
r-devel-windows-x86_64-new-TK 0.1.1.1 NOTE
r-patched-linux-x86_64 0.1.1.1 6.35 39.11 45.46 NOTE
r-release-linux-x86_64 0.1.1.1 2.81 39.52 42.33 NOTE
r-release-macos-arm64 0.1.1.1 NOTE
r-release-macos-x86_64 0.1.1.1 NOTE
r-release-windows-ix86+x86_64 0.1.1.1 9.00 52.00 61.00 NOTE
r-oldrel-macos-x86_64 0.1.1.1 OK
r-oldrel-windows-ix86+x86_64 0.1.1.1 9.00 52.00 61.00 OK

Check Details

Version: 0.1.1.1
Check: LazyData
Result: NOTE
     'LazyData' is specified without a 'data' directory
Flavors: r-devel-linux-x86_64-debian-clang, r-devel-linux-x86_64-debian-gcc, r-devel-linux-x86_64-fedora-clang, r-devel-linux-x86_64-fedora-gcc, r-devel-windows-x86_64-new-UL, r-devel-windows-x86_64-new-TK, r-patched-linux-x86_64, r-release-linux-x86_64, r-release-macos-arm64, r-release-macos-x86_64, r-release-windows-ix86+x86_64