Last updated on 2023-03-21 22:56:12 CET.
Flavor | Version | Tinstall | Tcheck | Ttotal | Status | Flags |
---|---|---|---|---|---|---|
r-devel-linux-x86_64-debian-clang | 0.4.0 | 2.60 | 45.96 | 48.56 | OK | |
r-devel-linux-x86_64-debian-gcc | 0.4.0 | 2.22 | 36.09 | 38.31 | OK | |
r-devel-linux-x86_64-fedora-clang | 0.4.0 | 61.62 | OK | |||
r-devel-linux-x86_64-fedora-gcc | 0.4.0 | 71.10 | OK | |||
r-patched-linux-x86_64 | 0.4.0 | 2.55 | 46.64 | 49.19 | OK | |
r-release-linux-x86_64 | 0.4.0 | 2.70 | 45.85 | 48.55 | OK | |
r-release-macos-arm64 | 0.4.0 | 29.00 | OK | |||
r-release-macos-x86_64 | 0.4.0 | 37.00 | OK | |||
r-release-windows-x86_64 | 0.4.0 | 30.00 | 97.00 | 127.00 | OK | |
r-oldrel-macos-arm64 | 0.4.0 | 25.00 | OK | |||
r-oldrel-macos-x86_64 | 0.4.0 | 24.00 | OK | |||
r-oldrel-windows-ix86+x86_64 | 0.4.0 | 6.00 | 60.00 | 66.00 | NOTE |
Version: 0.4.0
Check: dependencies in R code
Result: NOTE
Initiating curl with CURL_SSL_BACKEND: openssl
Flavor: r-oldrel-windows-ix86+x86_64