CRAN Package Check Results for Package minimaxdesign

Last updated on 2022-01-27 23:01:08 CET.

Flavor Version Tinstall Tcheck Ttotal Status Flags
r-devel-linux-x86_64-debian-clang 0.1.5 67.45 39.27 106.72 OK
r-devel-linux-x86_64-debian-gcc 0.1.5 50.53 30.41 80.94 OK
r-devel-linux-x86_64-fedora-clang 0.1.5 178.75 NOTE
r-devel-linux-x86_64-fedora-gcc 0.1.5 150.32 NOTE
r-devel-windows-x86_64-new-UL 0.1.5 93.00 78.00 171.00 OK
r-devel-windows-x86_64-new-TK 0.1.5 ERROR
r-patched-linux-x86_64 0.1.5 63.19 37.94 101.13 OK
r-release-linux-x86_64 0.1.5 60.73 37.41 98.14 OK
r-release-macos-arm64 0.1.5 NOTE
r-release-macos-x86_64 0.1.5 NOTE
r-release-windows-ix86+x86_64 0.1.5 182.00 71.00 253.00 OK
r-oldrel-macos-x86_64 0.1.5 NOTE
r-oldrel-windows-ix86+x86_64 0.1.5 182.00 73.00 255.00 OK

Check Details

Version: 0.1.5
Check: dependencies in R code
Result: NOTE
    Namespaces in Imports field not imported from:
     ‘DiceDesign’ ‘MaxPro’ ‘doSNOW’ ‘gmp’ ‘jpeg’
     All declared Imports should be used.
Flavors: r-devel-linux-x86_64-fedora-clang, r-devel-linux-x86_64-fedora-gcc, r-release-macos-arm64, r-release-macos-x86_64, r-oldrel-macos-x86_64

Version: 0.1.5
Check: package dependencies
Result: ERROR
    Packages required but not available: 'MaxPro', 'nloptr'
    
    See section 'The DESCRIPTION file' in the 'Writing R Extensions'
    manual.
Flavor: r-devel-windows-x86_64-new-TK