CRAN Package Check Results for Package missSBM

Last updated on 2021-12-01 22:53:17 CET.

Flavor Version Tinstall Tcheck Ttotal Status Flags
r-devel-linux-x86_64-debian-clang 1.0.1 116.90 338.71 455.61 OK
r-devel-linux-x86_64-debian-gcc 1.0.1 85.10 252.47 337.57 OK
r-devel-linux-x86_64-fedora-clang 1.0.1 623.26 NOTE
r-devel-linux-x86_64-fedora-gcc 1.0.1 594.37 OK
r-devel-windows-x86_64-new-UL 1.0.1 160.00 505.00 665.00 OK
r-devel-windows-x86_64-new-TK 1.0.1 OK
r-devel-windows-x86_64-old 1.0.1 151.00 335.00 486.00 OK
r-patched-linux-x86_64 1.0.1 108.72 328.75 437.47 OK
r-patched-solaris-x86 1.0.1 732.80 OK
r-release-linux-x86_64 1.0.1 85.16 329.47 414.63 OK
r-release-macos-arm64 1.0.1 NOTE
r-release-macos-x86_64 1.0.1 NOTE
r-release-windows-ix86+x86_64 1.0.1 264.00 779.00 1043.00 OK
r-oldrel-macos-x86_64 1.0.1 NOTE
r-oldrel-windows-ix86+x86_64 1.0.1 267.00 764.00 1031.00 OK

Check Details

Version: 1.0.1
Check: installed package size
Result: NOTE
     installed size is 6.5Mb
     sub-directories of 1Mb or more:
     libs 4.5Mb
Flavors: r-devel-linux-x86_64-fedora-clang, r-release-macos-arm64, r-release-macos-x86_64, r-oldrel-macos-x86_64