CRAN Package Check Results for Package mixedCCA

Last updated on 2022-01-25 22:57:02 CET.

Flavor Version Tinstall Tcheck Ttotal Status Flags
r-devel-linux-x86_64-debian-clang 1.4.6 40.37 91.23 131.60 NOTE
r-devel-linux-x86_64-debian-gcc 1.4.6 31.97 70.32 102.29 NOTE
r-devel-linux-x86_64-fedora-clang 1.4.6 170.40 NOTE
r-devel-linux-x86_64-fedora-gcc 1.4.6 155.34 NOTE
r-devel-windows-x86_64-new-UL 1.4.6 58.00 125.00 183.00 NOTE
r-devel-windows-x86_64-new-TK 1.4.6 NOTE
r-patched-linux-x86_64 1.4.6 37.08 85.45 122.53 NOTE
r-release-linux-x86_64 1.4.6 29.49 86.27 115.76 NOTE
r-release-macos-arm64 1.4.6 NOTE
r-release-macos-x86_64 1.4.6 NOTE
r-release-windows-ix86+x86_64 1.4.6 96.00 147.00 243.00 NOTE
r-oldrel-macos-x86_64 1.4.6 NOTE
r-oldrel-windows-ix86+x86_64 1.4.6 97.00 140.00 237.00 NOTE

Check Details

Version: 1.4.6
Check: LazyData
Result: NOTE
     'LazyData' is specified without a 'data' directory
Flavors: r-devel-linux-x86_64-debian-clang, r-devel-linux-x86_64-debian-gcc, r-devel-linux-x86_64-fedora-clang, r-devel-linux-x86_64-fedora-gcc, r-devel-windows-x86_64-new-UL, r-devel-windows-x86_64-new-TK, r-patched-linux-x86_64, r-release-linux-x86_64, r-release-macos-arm64, r-release-macos-x86_64, r-release-windows-ix86+x86_64

Version: 1.4.6
Check: installed package size
Result: NOTE
     installed size is 5.2Mb
     sub-directories of 1Mb or more:
     R 4.1Mb
     libs 1.0Mb
Flavors: r-devel-linux-x86_64-fedora-clang, r-devel-windows-x86_64-new-UL, r-release-macos-arm64, r-release-macos-x86_64, r-release-windows-ix86+x86_64, r-oldrel-macos-x86_64, r-oldrel-windows-ix86+x86_64