CRAN Package Check Results for Package mixmeta

Last updated on 2022-01-25 22:57:02 CET.

Flavor Version Tinstall Tcheck Ttotal Status Flags
r-devel-linux-x86_64-debian-clang 1.2.0 7.28 83.34 90.62 OK
r-devel-linux-x86_64-debian-gcc 1.2.0 4.45 60.97 65.42 OK
r-devel-linux-x86_64-fedora-clang 1.2.0 106.30 NOTE
r-devel-linux-x86_64-fedora-gcc 1.2.0 94.96 OK
r-devel-windows-x86_64-new-UL 1.2.0 83.00 104.00 187.00 OK
r-devel-windows-x86_64-new-TK 1.2.0 NOTE
r-patched-linux-x86_64 1.2.0 8.02 79.39 87.41 OK
r-release-linux-x86_64 1.2.0 4.92 79.61 84.53 OK
r-release-macos-arm64 1.2.0 OK
r-release-macos-x86_64 1.2.0 OK
r-release-windows-ix86+x86_64 1.2.0 10.00 92.00 102.00 OK
r-oldrel-macos-x86_64 1.2.0 OK
r-oldrel-windows-ix86+x86_64 1.2.0 11.00 92.00 103.00 OK

Check Details

Version: 1.2.0
Check: Rd cross-references
Result: NOTE
    Undeclared package ‘mvmeta’ in Rd xrefs
Flavor: r-devel-linux-x86_64-fedora-clang

Version: 1.2.0
Check: package dependencies
Result: NOTE
    Package suggested but not available for checking: 'meta'
Flavor: r-devel-windows-x86_64-new-TK