CRAN Package Check Results for Package mixtools

Last updated on 2024-02-24 21:40:25 CET.

Flavor Version Tinstall Tcheck Ttotal Status Flags
r-devel-linux-x86_64-debian-clang 2.0.0 33.56 320.58 354.14 NOTE
r-devel-linux-x86_64-debian-gcc 2.0.0 29.50 232.27 261.77 NOTE
r-devel-linux-x86_64-fedora-clang 2.0.0 430.06 OK
r-devel-linux-x86_64-fedora-gcc 2.0.0 433.33 OK
r-devel-windows-x86_64 2.0.0 35.00 315.00 350.00 OK
r-patched-linux-x86_64 2.0.0 38.47 310.61 349.08 OK
r-release-linux-x86_64 2.0.0 33.82 310.76 344.58 OK
r-release-macos-arm64 2.0.0 131.00 OK
r-release-macos-x86_64 2.0.0 240.00 OK
r-release-windows-x86_64 2.0.0 45.00 435.00 480.00 OK
r-oldrel-macos-arm64 2.0.0 137.00 OK
r-oldrel-windows-x86_64 2.0.0 43.00 379.00 422.00 OK

Check Details

Version: 2.0.0
Check: Rd files
Result: NOTE checkRd: (-1) CO2data.Rd:14: Lost braces in \itemize; meant \describe ? checkRd: (-1) CO2data.Rd:15: Lost braces in \itemize; meant \describe ? checkRd: (-1) CO2data.Rd:16-17: Lost braces in \itemize; meant \describe ? checkRd: (-1) NOdata.Rd:14: Lost braces in \itemize; meant \describe ? checkRd: (-1) NOdata.Rd:15: Lost braces in \itemize; meant \describe ? Flavors: r-devel-linux-x86_64-debian-clang, r-devel-linux-x86_64-debian-gcc