CRAN Package Check Results for Package mlbstatsR

Last updated on 2021-12-07 22:59:36 CET.

Flavor Version Tinstall Tcheck Ttotal Status Flags
r-devel-linux-x86_64-debian-clang 0.1.0.3 6.91 86.73 93.64 OK
r-devel-linux-x86_64-debian-gcc 0.1.0.3 5.24 64.76 70.00 OK
r-devel-linux-x86_64-fedora-clang 0.1.0.3 117.43 NOTE
r-devel-linux-x86_64-fedora-gcc 0.1.0.3 99.09 NOTE
r-devel-windows-x86_64-new-UL 0.1.0.3 18.00 130.00 148.00 OK
r-devel-windows-x86_64-new-TK 0.1.0.3 NOTE
r-devel-windows-x86_64-old 0.1.0.3 12.00 85.00 97.00 OK
r-patched-linux-x86_64 0.1.0.3 7.19 80.75 87.94 OK
r-release-linux-x86_64 0.1.0.3 6.27 80.87 87.14 OK
r-release-macos-arm64 0.1.0.3 NOTE
r-release-macos-x86_64 0.1.0.3 NOTE
r-release-windows-ix86+x86_64 0.1.0.3 12.00 102.00 114.00 OK
r-oldrel-macos-x86_64 0.1.0.3 NOTE
r-oldrel-windows-ix86+x86_64 0.1.0.3 19.00 108.00 127.00 OK

Additional issues

donttest

Check Details

Version: 0.1.0.3
Check: dependencies in R code
Result: NOTE
    Namespace in Imports field not imported from: ‘tibble’
     All declared Imports should be used.
Flavors: r-devel-linux-x86_64-fedora-clang, r-devel-linux-x86_64-fedora-gcc, r-devel-windows-x86_64-new-TK, r-release-macos-arm64, r-release-macos-x86_64, r-oldrel-macos-x86_64