Last updated on 2023-05-29 23:03:50 CEST.
Flavor | Version | Tinstall | Tcheck | Ttotal | Status | Flags |
---|---|---|---|---|---|---|
r-devel-linux-x86_64-debian-clang | 3.1.9 | 8.77 | 37.95 | 46.72 | NOTE | |
r-devel-linux-x86_64-debian-gcc | 3.1.9 | 5.90 | 29.42 | 35.32 | NOTE | |
r-devel-linux-x86_64-fedora-clang | 3.1.9 | 56.72 | NOTE | |||
r-devel-linux-x86_64-fedora-gcc | 3.1.9 | 66.58 | NOTE | |||
r-devel-windows-x86_64 | 3.1.9 | 10.00 | 71.00 | 81.00 | NOTE | |
r-patched-linux-x86_64 | 3.1.9 | 8.17 | 36.81 | 44.98 | NOTE | |
r-release-linux-x86_64 | 3.1.9 | 7.23 | 36.38 | 43.61 | NOTE | |
r-release-macos-arm64 | 3.1.9 | 30.00 | NOTE | |||
r-release-macos-x86_64 | 3.1.9 | 45.00 | NOTE | |||
r-release-windows-x86_64 | 3.1.9 | 10.00 | 81.00 | 91.00 | NOTE | |
r-oldrel-macos-arm64 | 3.1.9 | 25.00 | OK | |||
r-oldrel-macos-x86_64 | 3.1.9 | 35.00 | OK | |||
r-oldrel-windows-x86_64 | 3.1.9 | 31.00 | 87.00 | 118.00 | OK |
Version: 3.1.9
Check: Rd files
Result: NOTE
checkRd: (-1) gp.list.Rd:16: Escaped LaTeX specials: \#
Flavors: r-devel-linux-x86_64-debian-clang, r-devel-linux-x86_64-debian-gcc, r-devel-linux-x86_64-fedora-clang, r-devel-linux-x86_64-fedora-gcc, r-devel-windows-x86_64, r-patched-linux-x86_64, r-release-linux-x86_64, r-release-macos-arm64, r-release-macos-x86_64, r-release-windows-x86_64