CRAN Package Check Results for Package mlmRev

Last updated on 2022-01-25 22:57:02 CET.

Flavor Version Tinstall Tcheck Ttotal Status Flags
r-devel-linux-x86_64-debian-clang 1.0-8 6.76 267.98 274.74 OK
r-devel-linux-x86_64-debian-gcc 1.0-8 7.17 202.90 210.07 OK
r-devel-linux-x86_64-fedora-clang 1.0-8 324.88 OK
r-devel-linux-x86_64-fedora-gcc 1.0-8 345.29 OK
r-devel-windows-x86_64-new-UL 1.0-8 35.00 358.00 393.00 OK
r-devel-windows-x86_64-new-TK 1.0-8 ERROR
r-patched-linux-x86_64 1.0-8 5.62 278.30 283.92 OK
r-release-linux-x86_64 1.0-8 5.94 277.51 283.45 OK
r-release-macos-arm64 1.0-8 OK
r-release-macos-x86_64 1.0-8 OK
r-release-windows-ix86+x86_64 1.0-8 17.00 400.00 417.00 OK
r-oldrel-macos-x86_64 1.0-8 OK
r-oldrel-windows-ix86+x86_64 1.0-8 17.00 401.00 418.00 OK

Check Details

Version: 1.0-8
Check: package dependencies
Result: ERROR
    Package required but not available: 'lme4'
    
    See section 'The DESCRIPTION file' in the 'Writing R Extensions'
    manual.
Flavor: r-devel-windows-x86_64-new-TK