CRAN Package Check Results for Package mlma

Last updated on 2022-01-25 22:57:02 CET.

Flavor Version Tinstall Tcheck Ttotal Status Flags
r-devel-linux-x86_64-debian-clang 6.1-1 17.16 197.87 215.03 OK
r-devel-linux-x86_64-debian-gcc 6.1-1 18.70 148.49 167.19 OK
r-devel-linux-x86_64-fedora-clang 6.1-1 247.23 OK
r-devel-linux-x86_64-fedora-gcc 6.1-1 251.24 OK
r-devel-windows-x86_64-new-UL 6.1-1 30.00 205.00 235.00 OK
r-devel-windows-x86_64-new-TK 6.1-1 ERROR
r-patched-linux-x86_64 6.1-1 16.82 180.84 197.66 OK
r-release-linux-x86_64 6.1-1 13.82 181.27 195.09 OK
r-release-macos-arm64 6.1-1 OK
r-release-macos-x86_64 6.1-1 OK
r-release-windows-ix86+x86_64 6.1-1 38.00 205.00 243.00 OK
r-oldrel-macos-x86_64 6.1-1 OK
r-oldrel-windows-ix86+x86_64 6.1-1 39.00 207.00 246.00 OK

Check Details

Version: 6.1-1
Check: package dependencies
Result: ERROR
    Packages required but not available: 'lme4', 'car'
    
    See section 'The DESCRIPTION file' in the 'Writing R Extensions'
    manual.
Flavor: r-devel-windows-x86_64-new-TK