CRAN Package Check Results for Package mlr3fselect

Last updated on 2022-01-20 22:54:09 CET.

Flavor Version Tinstall Tcheck Ttotal Status Flags
r-devel-linux-x86_64-debian-clang 0.6.0 OK
r-devel-linux-x86_64-debian-gcc 0.6.0 7.33 281.48 288.81 OK
r-devel-linux-x86_64-fedora-clang 0.6.1 319.90 OK
r-devel-linux-x86_64-fedora-gcc 0.6.1 317.80 OK
r-devel-windows-x86_64-new-UL 0.6.0 115.00 280.00 395.00 ERROR
r-devel-windows-x86_64-new-TK 0.6.0 OK
r-patched-linux-x86_64 0.6.0 10.75 372.24 382.99 OK
r-release-linux-x86_64 0.6.0 9.48 368.73 378.21 OK
r-release-macos-arm64 0.6.0 OK
r-release-macos-x86_64 0.6.0 OK
r-release-windows-ix86+x86_64 0.6.0 17.00 280.00 297.00 OK
r-oldrel-macos-x86_64 0.6.0 OK
r-oldrel-windows-ix86+x86_64 0.6.0 17.00 283.00 300.00 OK

Check Details

Version: 0.6.0
Check: examples
Result: ERROR
    Running examples in 'mlr3fselect-Ex.R' failed
    The error most likely occurred in:
    
    > ### Name: AutoFSelector
    > ### Title: AutoFSelector
    > ### Aliases: AutoFSelector
    >
    > ### ** Examples
    >
    > library(mlr3)
    >
    > task = tsk("iris")
    > learner = lrn("classif.rpart")
    > resampling = rsmp("holdout")
    > measure = msr("classif.ce")
    >
    > terminator = trm("evals", n_evals = 3)
    > fselector = fs("exhaustive_search")
    > afs = AutoFSelector$new(learner, resampling, measure, terminator, fselector,
    + store_fselect_instance = TRUE)
    >
    > afs$train(task)
    Error in initialize(...) : unused argument (store_x_domain = FALSE)
    Calls: <Anonymous> ... .__FSelectInstanceSingleCrit__initialize -> <Anonymous>
    Execution halted
Flavor: r-devel-windows-x86_64-new-UL

Version: 0.6.0
Check: tests
Result: ERROR
     Running 'testthat.R' [15s]
    Running the tests in 'tests/testthat.R' failed.
    Complete output:
     > if (requireNamespace("testthat", quietly = TRUE)) {
     + library(testthat)
     + library(checkmate)
     + library(mlr3fselect)
     +
     + test_check("mlr3fselect")
     + }
     Loading required package: mlr3
     Starting 2 test processes
     ══ Skipped tests ═══════════════════════════════════════════════════════════════
     • On CRAN (8)
    
     ══ Failed tests ════════════════════════════════════════════════════════════════
     ── Error (test_ArchiveFSelect.R:2:3): ArchiveFSelect access methods work ───────
     Error in `initialize(...)`: unused argument (store_x_domain = FALSE)
     Backtrace:
     █
     1. └─mlr3fselect::fselect(...)
     2. └─FSelectInstanceSingleCrit$new(...)
     3. └─mlr3fselect:::initialize(...)
     4. └─mlr3fselect:::.__FSelectInstanceSingleCrit__initialize(...)
     5. └─ArchiveFSelect$new(...)
     ── Error (test_ArchiveFSelect.R:52:3): ArchiveFSelect as.data.table function works ──
     Error in `initialize(...)`: unused argument (store_x_domain = FALSE)
     Backtrace:
     █
     1. └─mlr3fselect::fselect(...)
     2. └─FSelectInstanceSingleCrit$new(...)
     3. └─mlr3fselect:::initialize(...)
     4. └─mlr3fselect:::.__FSelectInstanceSingleCrit__initialize(...)
     5. └─ArchiveFSelect$new(...)
     ── Error (test_AutoFSelector.R:135:3): AutoFSelector works with GraphLearner ───
     Error in `initialize(...)`: unused argument (store_x_domain = FALSE)
     Backtrace:
     █
     1. └─at$train(task)
     2. └─mlr3:::.__Learner__train(...)
     3. └─mlr3:::learner_train(learner, task, row_ids, mode)
     4. └─mlr3misc::encapsulate(...)
     5. ├─mlr3misc::invoke(...)
     6. │ └─base::eval.parent(expr, n = 1L)
     7. │ └─base::eval(expr, p)
     8. │ └─base::eval(expr, p)
     9. └─mlr3:::.f(learner = <environment>, task = <environment>)
     10. └─get_private(learner)$.train(task)
     11. └─mlr3fselect:::.__AutoFSelector__.train(...)
     12. ├─mlr3misc::invoke(FSelectInstanceSingleCrit$new, .args = ia)
     13. │ └─base::eval.parent(expr, n = 1L)
     14. │ └─base::eval(expr, p)
     15. │ └─base::eval(expr, p)
     16. └─FSelectInstanceSingleCrit$new(...)
     17. └─mlr3fselect:::initialize(...)
     18. └─mlr3fselect:::.__FSelectInstanceSingleCrit__initialize(...)
     19. └─ArchiveFSelect$new(...)
     ── Error (test_AutoFSelector.R:161:3): AutoFSelector get_base_learner method works ──
     Error in `initialize(...)`: unused argument (store_x_domain = FALSE)
     Backtrace:
     █
     1. └─afs$train(tsk("pima"))
     2. └─mlr3:::.__Learner__train(...)
     3. └─mlr3:::learner_train(learner, task, row_ids, mode)
     4. └─mlr3misc::encapsulate(...)
     5. ├─mlr3misc::invoke(...)
     6. │ └─base::eval.parent(expr, n = 1L)
     7. │ └─base::eval(expr, p)
     8. │ └─base::eval(expr, p)
     9. └─mlr3:::.f(learner = <environment>, task = <environment>)
     10. └─get_private(learner)$.train(task)
     11. └─mlr3fselect:::.__AutoFSelector__.train(...)
     12. ├─mlr3misc::invoke(FSelectInstanceSingleCrit$new, .args = ia)
     13. │ └─base::eval.parent(expr, n = 1L)
     14. │ └─base::eval(expr, p)
     15. │ └─base::eval(expr, p)
     16. └─FSelectInstanceSingleCrit$new(...)
     17. └─mlr3fselect:::initialize(...)
     18. └─mlr3fselect:::.__FSelectInstanceSingleCrit__initialize(...)
     19. └─ArchiveFSelect$new(...)
     ── Error (test_AutoFSelector.R:204:3): AutoFSelector hash works #647 in mlr3 ───
     Error in `initialize(...)`: unused argument (store_x_domain = FALSE)
     Backtrace:
     █
     1. └─mlr3::benchmark(grid, store_models = TRUE)
     2. └─future.apply::future_mapply(...)
     3. └─future.apply:::future_xapply(...)
     4. ├─future::value(fs)
     5. └─future:::value.list(fs)
     6. ├─future::resolve(...)
     7. └─future:::resolve.list(...)
     8. └─future:::signalConditionsASAP(obj, resignal = FALSE, pos = ii)
     9. └─future:::signalConditions(...)
     ── Error (test_FSelectInstanceMultiCrit.R:2:3): empty FSelectInstanceMultiCrit works ──
     Error in `initialize(...)`: unused argument (store_x_domain = FALSE)
     Backtrace:
     █
     1. └─mlr3fselect:::TEST_MAKE_INST_2D()
     2. └─FSelectInstanceMultiCrit$new(...) D:\RCompile\CRANpkg\local\4.2\mlr3fselect.Rcheck\tests\testthat\helper_misc.R:20:2
     3. └─mlr3fselect:::initialize(...)
     4. └─mlr3fselect:::.__FSelectInstanceMultiCrit__initialize(...)
     5. └─ArchiveFSelect$new(...)
     ── Error (test_FSelectInstanceMultiCrit.R:11:3): eval_batch works ──────────────
     Error in `initialize(...)`: unused argument (store_x_domain = FALSE)
     Backtrace:
     █
     1. └─mlr3fselect:::TEST_MAKE_INST_2D()
     2. └─FSelectInstanceMultiCrit$new(...) D:\RCompile\CRANpkg\local\4.2\mlr3fselect.Rcheck\tests\testthat\helper_misc.R:20:2
     3. └─mlr3fselect:::initialize(...)
     4. └─mlr3fselect:::.__FSelectInstanceMultiCrit__initialize(...)
     5. └─ArchiveFSelect$new(...)
     ── Error (test_FSelectInstanceMultiCrit.R:28:3): objective_function works ──────
     Error in `initialize(...)`: unused argument (store_x_domain = FALSE)
     Backtrace:
     █
     1. └─mlr3fselect:::TEST_MAKE_INST_2D()
     2. └─FSelectInstanceMultiCrit$new(...) D:\RCompile\CRANpkg\local\4.2\mlr3fselect.Rcheck\tests\testthat\helper_misc.R:20:2
     3. └─mlr3fselect:::initialize(...)
     4. └─mlr3fselect:::.__FSelectInstanceMultiCrit__initialize(...)
     5. └─ArchiveFSelect$new(...)
     ── Error (test_FSelectInstanceMultiCrit.R:34:3): store_benchmark_result flag works ──
     Error in `initialize(...)`: unused argument (store_x_domain = FALSE)
     Backtrace:
     █
     1. └─mlr3fselect:::TEST_MAKE_INST_2D(store_benchmark_result = FALSE)
     2. └─FSelectInstanceMultiCrit$new(...) D:\RCompile\CRANpkg\local\4.2\mlr3fselect.Rcheck\tests\testthat\helper_misc.R:20:2
     3. └─mlr3fselect:::initialize(...)
     4. └─mlr3fselect:::.__FSelectInstanceMultiCrit__initialize(...)
     5. └─ArchiveFSelect$new(...)
     ── Error (test_FSelectInstanceMultiCrit.R:49:3): result$features works ─────────
     Error in `initialize(...)`: unused argument (store_x_domain = FALSE)
     Backtrace:
     █
     1. └─mlr3fselect:::TEST_MAKE_INST_2D(store_benchmark_result = FALSE)
     2. └─FSelectInstanceMultiCrit$new(...) D:\RCompile\CRANpkg\local\4.2\mlr3fselect.Rcheck\tests\testthat\helper_misc.R:20:2
     3. └─mlr3fselect:::initialize(...)
     4. └─mlr3fselect:::.__FSelectInstanceMultiCrit__initialize(...)
     5. └─ArchiveFSelect$new(...)
     ── Error (test_FSelectInstanceSingleCrit.R:2:3): empty FSelectInstanceSingleCrit works ──
     Error in `initialize(...)`: unused argument (store_x_domain = FALSE)
     Backtrace:
     █
     1. └─mlr3fselect:::TEST_MAKE_INST_1D()
     2. └─FSelectInstanceSingleCrit$new(...) D:\RCompile\CRANpkg\local\4.2\mlr3fselect.Rcheck\tests\testthat\helper_misc.R:9:2
     3. └─mlr3fselect:::initialize(...)
     4. └─mlr3fselect:::.__FSelectInstanceSingleCrit__initialize(...)
     5. └─ArchiveFSelect$new(...)
     ── Error (test_FSelectInstanceSingleCrit.R:11:3): eval_batch works ─────────────
     Error in `initialize(...)`: unused argument (store_x_domain = FALSE)
     Backtrace:
     █
     1. └─mlr3fselect:::TEST_MAKE_INST_1D(store_models = TRUE)
     2. └─FSelectInstanceSingleCrit$new(...) D:\RCompile\CRANpkg\local\4.2\mlr3fselect.Rcheck\tests\testthat\helper_misc.R:9:2
     3. └─mlr3fselect:::initialize(...)
     4. └─mlr3fselect:::.__FSelectInstanceSingleCrit__initialize(...)
     5. └─ArchiveFSelect$new(...)
     ── Error (test_FSelectInstanceSingleCrit.R:39:3): objective_function works ─────
     Error in `initialize(...)`: unused argument (store_x_domain = FALSE)
     Backtrace:
     █
     1. └─mlr3fselect:::TEST_MAKE_INST_1D(store_models = TRUE)
     2. └─FSelectInstanceSingleCrit$new(...) D:\RCompile\CRANpkg\local\4.2\mlr3fselect.Rcheck\tests\testthat\helper_misc.R:9:2
     3. └─mlr3fselect:::initialize(...)
     4. └─mlr3fselect:::.__FSelectInstanceSingleCrit__initialize(...)
     5. └─ArchiveFSelect$new(...)
     ── Error (test_FSelectInstanceSingleCrit.R:45:3): store_benchmark_result flag works ──
     Error in `initialize(...)`: unused argument (store_x_domain = FALSE)
     Backtrace:
     █
     1. └─mlr3fselect:::TEST_MAKE_INST_1D(store_benchmark_result = FALSE)
     2. └─FSelectInstanceSingleCrit$new(...) D:\RCompile\CRANpkg\local\4.2\mlr3fselect.Rcheck\tests\testthat\helper_misc.R:9:2
     3. └─mlr3fselect:::initialize(...)
     4. └─mlr3fselect:::.__FSelectInstanceSingleCrit__initialize(...)
     5. └─ArchiveFSelect$new(...)
     ── Error (test_FSelectInstanceSingleCrit.R:61:3): result$features works ────────
     Error in `initialize(...)`: unused argument (store_x_domain = FALSE)
     Backtrace:
     █
     1. └─mlr3fselect:::TEST_MAKE_INST_1D(store_benchmark_result = FALSE)
     2. └─FSelectInstanceSingleCrit$new(...) D:\RCompile\CRANpkg\local\4.2\mlr3fselect.Rcheck\tests\testthat\helper_misc.R:9:2
     3. └─mlr3fselect:::initialize(...)
     4. └─mlr3fselect:::.__FSelectInstanceSingleCrit__initialize(...)
     5. └─ArchiveFSelect$new(...)
     ── Error (test_FSelectorDesignPoints.R:8:3): FSelectorDesignPoints ─────────────
     Error in `initialize(...)`: unused argument (store_x_domain = FALSE)
     Backtrace:
     █
     1. └─mlr3fselect:::test_fselector(...)
     2. └─FSelectInstanceSingleCrit$new(...) D:\RCompile\CRANpkg\local\4.2\mlr3fselect.Rcheck\tests\testthat\helper_fselector.R:3:2
     3. └─mlr3fselect:::initialize(...)
     4. └─mlr3fselect:::.__FSelectInstanceSingleCrit__initialize(...)
     5. └─ArchiveFSelect$new(...)
     ── Error (test_FSelectorDesignPoints.R:20:3): FSelectorDesignPoints works with multi-crit ──
     Error in `initialize(...)`: unused argument (store_x_domain = FALSE)
     Backtrace:
     █
     1. └─mlr3fselect:::test_fselector_2D(...)
     2. └─FSelectInstanceMultiCrit$new(...) D:\RCompile\CRANpkg\local\4.2\mlr3fselect.Rcheck\tests\testthat\helper_fselector.R:44:2
     3. └─mlr3fselect:::initialize(...)
     4. └─mlr3fselect:::.__FSelectInstanceMultiCrit__initialize(...)
     5. └─ArchiveFSelect$new(...)
     ── Error (test_FSelectorGeneticSearch.R:2:3): FSelectorGeneticSearch ───────────
     Error in `initialize(...)`: unused argument (store_x_domain = FALSE)
     Backtrace:
     █
     1. └─mlr3fselect:::test_fselector(...)
     2. └─FSelectInstanceSingleCrit$new(...) D:\RCompile\CRANpkg\local\4.2\mlr3fselect.Rcheck\tests\testthat\helper_fselector.R:3:2
     3. └─mlr3fselect:::initialize(...)
     4. └─mlr3fselect:::.__FSelectInstanceSingleCrit__initialize(...)
     5. └─ArchiveFSelect$new(...)
     ── Error (test_FSelectorRandomSearch.R:2:3): FSelectorRandomSearch ─────────────
     Error in `initialize(...)`: unused argument (store_x_domain = FALSE)
     Backtrace:
     █
     1. └─mlr3fselect:::test_fselector(...)
     2. └─FSelectInstanceSingleCrit$new(...) D:\RCompile\CRANpkg\local\4.2\mlr3fselect.Rcheck\tests\testthat\helper_fselector.R:3:2
     3. └─mlr3fselect:::initialize(...)
     4. └─mlr3fselect:::.__FSelectInstanceSingleCrit__initialize(...)
     5. └─ArchiveFSelect$new(...)
     ── Error (test_FSelectorRandomSearch.R:11:3): FSelectorRandomSearch works with multi-crit ──
     Error in `initialize(...)`: unused argument (store_x_domain = FALSE)
     Backtrace:
     █
     1. └─mlr3fselect:::test_fselector_2D(...)
     2. └─FSelectInstanceMultiCrit$new(...) D:\RCompile\CRANpkg\local\4.2\mlr3fselect.Rcheck\tests\testthat\helper_fselector.R:44:2
     3. └─mlr3fselect:::initialize(...)
     4. └─mlr3fselect:::.__FSelectInstanceMultiCrit__initialize(...)
     5. └─ArchiveFSelect$new(...)
     ── Error (test_FSelectorShadowVariableSearch.R:2:3): FSelectorShadowVariableSearch ──
     Error in `initialize(...)`: unused argument (store_x_domain = FALSE)
     Backtrace:
     █
     1. └─mlr3fselect:::test_fselector(...)
     2. └─FSelectInstanceSingleCrit$new(...) D:\RCompile\CRANpkg\local\4.2\mlr3fselect.Rcheck\tests\testthat\helper_fselector.R:3:2
     3. └─mlr3fselect:::initialize(...)
     4. └─mlr3fselect:::.__FSelectInstanceSingleCrit__initialize(...)
     5. └─ArchiveFSelect$new(...)
     ── Error (test_extract_inner_fselect_result.R:3:3): extract_inner_fselect_results function works ──
     Error in `initialize(...)`: unused argument (store_x_domain = FALSE)
     Backtrace:
     █
     1. └─mlr3fselect::fselect_nested(...)
     2. └─mlr3::resample(task, afs, outer_resampling, store_models = TRUE)
     3. └─future.apply::future_mapply(...)
     4. └─future.apply:::future_xapply(...)
     5. ├─future::value(fs)
     6. └─future:::value.list(fs)
     7. ├─future::resolve(...)
     8. └─future:::resolve.list(...)
     9. └─future:::signalConditionsASAP(obj, resignal = FALSE, pos = ii)
     10. └─future:::signalConditions(...)
     ── Error (test_fselect.R:2:3): fselect function works ──────────────────────────
     Error in `initialize(...)`: unused argument (store_x_domain = FALSE)
     Backtrace:
     █
     1. └─mlr3fselect::fselect(...)
     2. └─FSelectInstanceSingleCrit$new(...)
     3. └─mlr3fselect:::initialize(...)
     4. └─mlr3fselect:::.__FSelectInstanceSingleCrit__initialize(...)
     5. └─ArchiveFSelect$new(...)
     ── Error (test_fselect_nested.R:2:3): fselect_nested function works ────────────
     Error in `initialize(...)`: unused argument (store_x_domain = FALSE)
     Backtrace:
     █
     1. └─mlr3fselect::fselect_nested(...)
     2. └─mlr3::resample(task, afs, outer_resampling, store_models = TRUE)
     3. └─future.apply::future_mapply(...)
     4. └─future.apply:::future_xapply(...)
     5. ├─future::value(fs)
     6. └─future:::value.list(fs)
     7. ├─future::resolve(...)
     8. └─future:::resolve.list(...)
     9. └─future:::signalConditionsASAP(obj, resignal = FALSE, pos = ii)
     10. └─future:::signalConditions(...)
    
     [ FAIL 24 | WARN 0 | SKIP 8 | PASS 31 ]
     Error: Test failures
     Execution halted
Flavor: r-devel-windows-x86_64-new-UL