CRAN Package Check Results for Package mlrCPO

Last updated on 2021-11-29 22:59:17 CET.

Flavor Version Tinstall Tcheck Ttotal Status Flags
r-devel-linux-x86_64-debian-clang 0.3.7-3 27.89 341.50 369.39 OK
r-devel-linux-x86_64-debian-gcc 0.3.7-3 24.03 252.87 276.90 OK
r-devel-linux-x86_64-fedora-clang 0.3.7-3 457.26 OK
r-devel-linux-x86_64-fedora-gcc 0.3.7-3 447.21 OK
r-devel-windows-x86_64-new-UL 0.3.7-3 71.00 467.00 538.00 OK
r-devel-windows-x86_64-new-TK 0.3.7-3 OK
r-devel-windows-x86_64-old 0.3.7-3 43.00 322.00 365.00 OK
r-patched-linux-x86_64 0.3.7-3 47.03 352.45 399.48 OK
r-patched-solaris-x86 0.3.7-3 435.00 NOTE
r-release-linux-x86_64 0.3.7-3 24.70 357.23 381.93 OK
r-release-macos-arm64 0.3.7-3 OK
r-release-macos-x86_64 0.3.7-3 OK
r-release-windows-ix86+x86_64 0.3.7-3 56.00 437.00 493.00 OK
r-oldrel-macos-x86_64 0.3.7-3 OK
r-oldrel-windows-ix86+x86_64 0.3.7-3 37.00 322.00 359.00 OK

Check Details

Version: 0.3.7-3
Check: package dependencies
Result: NOTE
    Package suggested but not available for checking: ‘FSelector’
Flavor: r-patched-solaris-x86