CRAN Package Check Results for Package mmb

Last updated on 2022-01-18 22:47:30 CET.

Flavor Version Tinstall Tcheck Ttotal Status Flags
r-devel-linux-x86_64-debian-clang 0.13.3 4.14 124.59 128.73 NOTE
r-devel-linux-x86_64-debian-gcc 0.13.3 2.88 90.59 93.47 NOTE
r-devel-linux-x86_64-fedora-clang 0.13.3 153.74 NOTE
r-devel-linux-x86_64-fedora-gcc 0.13.3 141.18 NOTE
r-devel-windows-x86_64-new-UL 0.13.3 40.00 154.00 194.00 NOTE
r-devel-windows-x86_64-new-TK 0.13.3 WARN
r-patched-linux-x86_64 0.13.3 3.97 121.12 125.09 NOTE
r-release-linux-x86_64 0.13.3 NOTE
r-release-macos-arm64 0.13.3 NOTE
r-release-macos-x86_64 0.13.3 NOTE
r-release-windows-ix86+x86_64 0.13.3 9.00 151.00 160.00 NOTE
r-oldrel-macos-x86_64 0.13.3 NOTE
r-oldrel-windows-ix86+x86_64 0.13.3 8.00 151.00 159.00 OK

Check Details

Version: 0.13.3
Check: LazyData
Result: NOTE
     'LazyData' is specified without a 'data' directory
Flavors: r-devel-linux-x86_64-debian-clang, r-devel-linux-x86_64-debian-gcc, r-devel-linux-x86_64-fedora-clang, r-devel-linux-x86_64-fedora-gcc, r-devel-windows-x86_64-new-UL, r-devel-windows-x86_64-new-TK, r-patched-linux-x86_64, r-release-linux-x86_64, r-release-macos-arm64, r-release-macos-x86_64, r-release-windows-ix86+x86_64

Version: 0.13.3
Check: dependencies in R code
Result: NOTE
    Namespaces in Imports field not imported from:
     ‘datasets’ ‘doParallel’ ‘parallel’
     All declared Imports should be used.
Flavors: r-devel-linux-x86_64-fedora-clang, r-devel-linux-x86_64-fedora-gcc, r-devel-windows-x86_64-new-TK, r-release-macos-arm64, r-release-macos-x86_64, r-oldrel-macos-x86_64

Version: 0.13.3
Check: package dependencies
Result: NOTE
    Package suggested but not available for checking: 'ggpubr'
Flavor: r-devel-windows-x86_64-new-TK

Version: 0.13.3
Check: re-building of vignette outputs
Result: WARN
    Error(s) in re-building vignettes:
    --- re-building 'Cluster-Analysis.rmd' using rmarkdown
    Quitting from lines 26-95 (Cluster-Analysis.rmd)
    Error: processing vignette 'Cluster-Analysis.rmd' failed with diagnostics:
    there is no package called 'ggpubr'
    --- failed re-building 'Cluster-Analysis.rmd'
    
    SUMMARY: processing the following file failed:
     'Cluster-Analysis.rmd'
    
    Error: Vignette re-building failed.
    Execution halted
Flavor: r-devel-windows-x86_64-new-TK