CRAN Package Check Results for Package mmpf

Last updated on 2022-01-28 23:00:42 CET.

Flavor Version Tinstall Tcheck Ttotal Status Flags
r-devel-linux-x86_64-debian-clang 0.0.5 2.48 48.89 51.37 NOTE
r-devel-linux-x86_64-debian-gcc 0.0.5 2.36 36.60 38.96 NOTE
r-devel-linux-x86_64-fedora-clang 0.0.5 60.37 NOTE
r-devel-linux-x86_64-fedora-gcc 0.0.5 48.95 NOTE
r-devel-windows-x86_64-new-UL 0.0.5 22.00 66.00 88.00 NOTE
r-devel-windows-x86_64-new-TK 0.0.5 NOTE
r-patched-linux-x86_64 0.0.5 2.27 44.03 46.30 NOTE
r-release-linux-x86_64 0.0.5 1.68 42.65 44.33 NOTE
r-release-macos-arm64 0.0.5 NOTE
r-release-macos-x86_64 0.0.5 NOTE
r-release-windows-ix86+x86_64 0.0.5 7.00 55.00 62.00 NOTE
r-oldrel-macos-x86_64 0.0.5 OK
r-oldrel-windows-ix86+x86_64 0.0.5 10.00 59.00 69.00 OK

Check Details

Version: 0.0.5
Check: LazyData
Result: NOTE
     'LazyData' is specified without a 'data' directory
Flavors: r-devel-linux-x86_64-debian-clang, r-devel-linux-x86_64-debian-gcc, r-devel-linux-x86_64-fedora-clang, r-devel-linux-x86_64-fedora-gcc, r-devel-windows-x86_64-new-UL, r-devel-windows-x86_64-new-TK, r-patched-linux-x86_64, r-release-linux-x86_64, r-release-macos-arm64, r-release-macos-x86_64, r-release-windows-ix86+x86_64