CRAN Package Check Results for Package mmsample

Last updated on 2022-01-15 23:00:33 CET.

Flavor Version Tinstall Tcheck Ttotal Status Flags
r-devel-linux-x86_64-debian-clang 0.1 27.85 33.85 61.70 NOTE
r-devel-linux-x86_64-debian-gcc 0.1 20.75 26.86 47.61 NOTE
r-devel-linux-x86_64-fedora-clang 0.1 88.08 NOTE
r-devel-linux-x86_64-fedora-gcc 0.1 73.49 NOTE
r-devel-windows-x86_64-new-UL 0.1 34.00 73.00 107.00 NOTE
r-devel-windows-x86_64-new-TK 0.1 NOTE
r-patched-linux-x86_64 0.1 23.54 33.70 57.24 NOTE
r-release-linux-x86_64 0.1 25.63 33.29 58.92 NOTE
r-release-macos-arm64 0.1 NOTE
r-release-macos-x86_64 0.1 NOTE
r-release-windows-ix86+x86_64 0.1 77.00 68.00 145.00 NOTE
r-oldrel-macos-x86_64 0.1 OK
r-oldrel-windows-ix86+x86_64 0.1 75.00 66.00 141.00 OK

Check Details

Version: 0.1
Check: LazyData
Result: NOTE
     'LazyData' is specified without a 'data' directory
Flavors: r-devel-linux-x86_64-debian-clang, r-devel-linux-x86_64-debian-gcc, r-devel-linux-x86_64-fedora-clang, r-devel-linux-x86_64-fedora-gcc, r-devel-windows-x86_64-new-UL, r-devel-windows-x86_64-new-TK, r-patched-linux-x86_64, r-release-linux-x86_64, r-release-macos-arm64, r-release-macos-x86_64, r-release-windows-ix86+x86_64