CRAN Package Check Results for Package mnt

Last updated on 2022-01-16 22:51:19 CET.

Flavor Version Tinstall Tcheck Ttotal Status Flags
r-devel-linux-x86_64-debian-clang 1.3 4.68 66.95 71.63 OK
r-devel-linux-x86_64-debian-gcc 1.3 4.14 48.85 52.99 OK
r-devel-linux-x86_64-fedora-clang 1.3 86.10 NOTE
r-devel-linux-x86_64-fedora-gcc 1.3 77.48 OK
r-devel-windows-x86_64-new-UL 1.3 42.00 92.00 134.00 OK
r-devel-windows-x86_64-new-TK 1.3 OK
r-patched-linux-x86_64 1.3 5.71 64.51 70.22 OK
r-release-linux-x86_64 1.3 OK
r-release-macos-arm64 1.3 OK
r-release-macos-x86_64 1.3 OK
r-release-windows-ix86+x86_64 1.3 9.00 110.00 119.00 OK
r-oldrel-macos-x86_64 1.3 OK
r-oldrel-windows-ix86+x86_64 1.3 9.00 79.00 88.00 OK

Check Details

Version: 1.3
Check: Rd cross-references
Result: NOTE
    Undeclared package ‘energy’ in Rd xrefs
Flavor: r-devel-linux-x86_64-fedora-clang