CRAN Package Check Results for Package mobirep

Last updated on 2024-02-20 23:54:00 CET.

Flavor Version Tinstall Tcheck Ttotal Status Flags
r-devel-linux-x86_64-debian-clang 0.2.3 OK
r-devel-linux-x86_64-debian-gcc 0.2.3 10.61 139.92 150.53 OK
r-devel-linux-x86_64-fedora-clang 0.2.3 254.47 NOTE
r-devel-linux-x86_64-fedora-gcc 0.2.3 263.54 OK
r-devel-windows-x86_64 0.2.3 12.00 158.00 170.00 OK
r-patched-linux-x86_64 0.2.3 10.88 183.88 194.76 OK
r-release-linux-x86_64 0.2.3 7.93 182.62 190.55 OK
r-release-macos-arm64 0.2.3 88.00 OK
r-release-macos-x86_64 0.2.3 134.00 OK
r-release-windows-x86_64 0.2.3 15.00 213.00 228.00 OK
r-oldrel-macos-arm64 0.2.3 68.00 OK
r-oldrel-windows-x86_64 0.2.3 16.00 209.00 225.00 OK

Check Details

Version: 0.2.3
Check: Rd cross-references
Result: NOTE Undeclared package ‘geomorph’ in Rd xrefs Flavor: r-devel-linux-x86_64-fedora-clang