CRAN Package Check Results for Package modchart

Last updated on 2021-12-02 22:55:59 CET.

Flavor Version Tinstall Tcheck Ttotal Status Flags
r-devel-linux-x86_64-debian-clang 0.5 35.35 99.21 134.56 OK
r-devel-linux-x86_64-debian-gcc 0.5 25.41 74.00 99.41 OK
r-devel-linux-x86_64-fedora-clang 0.5 174.98 NOTE
r-devel-linux-x86_64-fedora-gcc 0.5 160.94 NOTE
r-devel-windows-x86_64-new-UL 0.5 56.00 143.00 199.00 OK
r-devel-windows-x86_64-new-TK 0.5 NOTE
r-devel-windows-x86_64-old 0.5 53.00 89.00 142.00 OK
r-patched-linux-x86_64 0.5 31.88 91.34 123.22 OK
r-patched-solaris-x86 0.5 241.50 NOTE
r-release-linux-x86_64 0.5 30.80 91.64 122.44 OK
r-release-macos-arm64 0.5 NOTE
r-release-macos-x86_64 0.5 NOTE
r-release-windows-ix86+x86_64 0.5 67.00 118.00 185.00 OK
r-oldrel-macos-x86_64 0.5 NOTE
r-oldrel-windows-ix86+x86_64 0.5 61.00 119.00 180.00 OK

Check Details

Version: 0.5
Check: package dependencies
Result: NOTE
    Imports includes 22 non-default packages.
    Importing from so many packages makes the package vulnerable to any of
    them becoming unavailable. Move as many as possible to Suggests and
    use conditionally.
Flavor: r-devel-linux-x86_64-fedora-clang

Version: 0.5
Check: dependencies in R code
Result: NOTE
    Namespace in Imports field not imported from: ‘lazyeval’
     All declared Imports should be used.
Flavors: r-devel-linux-x86_64-fedora-clang, r-devel-linux-x86_64-fedora-gcc, r-devel-windows-x86_64-new-TK, r-patched-solaris-x86, r-release-macos-arm64, r-release-macos-x86_64, r-oldrel-macos-x86_64