CRAN Package Check Results for Package modelbased

Last updated on 2022-01-23 22:49:47 CET.

Flavor Version Tinstall Tcheck Ttotal Status Flags
r-devel-linux-x86_64-debian-clang 0.7.1 4.42 241.63 246.05 OK
r-devel-linux-x86_64-debian-gcc 0.7.1 4.37 184.93 189.30 OK
r-devel-linux-x86_64-fedora-clang 0.7.1 275.21 OK
r-devel-linux-x86_64-fedora-gcc 0.7.1 288.59 OK
r-devel-windows-x86_64-new-UL 0.7.1 102.00 276.00 378.00 OK
r-devel-windows-x86_64-new-TK 0.7.1 NOTE
r-patched-linux-x86_64 0.7.1 5.25 233.90 239.15 OK
r-release-linux-x86_64 0.7.1 4.14 232.89 237.03 OK
r-release-macos-arm64 0.7.1 OK
r-release-macos-x86_64 0.7.1 OK
r-release-windows-ix86+x86_64 0.7.1 9.00 201.00 210.00 OK
r-oldrel-macos-x86_64 0.7.0 NOTE
r-oldrel-windows-ix86+x86_64 0.7.1 9.00 154.00 163.00 OK

Check Details

Version: 0.7.1
Check: package dependencies
Result: NOTE
    Packages suggested but not available for checking:
     'gamm4', 'glmmTMB', 'lme4', 'merTools', 'rstanarm'
Flavor: r-devel-windows-x86_64-new-TK

Version: 0.7.0
Check: dependencies in R code
Result: NOTE
    Namespace in Imports field not imported from: ‘graphics’
     All declared Imports should be used.
Flavor: r-oldrel-macos-x86_64