CRAN Package Check Results for Package modelbased

Last updated on 2024-02-20 23:54:00 CET.

Flavor Version Tinstall Tcheck Ttotal Status Flags
r-devel-linux-x86_64-debian-clang 0.8.7 OK
r-devel-linux-x86_64-debian-gcc 0.8.7 3.71 468.33 472.04 OK
r-devel-linux-x86_64-fedora-clang 0.8.7 594.07 OK
r-devel-linux-x86_64-fedora-gcc 0.8.7 791.57 OK
r-devel-windows-x86_64 0.8.7 5.00 114.00 119.00 OK
r-patched-linux-x86_64 0.8.6 5.14 126.90 132.04 WARN
r-release-linux-x86_64 0.8.7 5.58 618.86 624.44 OK
r-release-macos-arm64 0.8.7 143.00 OK
r-release-macos-x86_64 0.8.7 296.00 OK
r-release-windows-x86_64 0.8.7 6.00 142.00 148.00 OK
r-oldrel-macos-arm64 0.8.7 143.00 OK
r-oldrel-windows-x86_64 0.8.7 7.00 149.00 156.00 OK

Check Details

Version: 0.8.6
Check: examples
Result: WARN Found the following significant warnings: Warning: 'marginaleffects::marginaleffects' is deprecated. Warning: 'marginaleffects::marginaleffects' is deprecated. Warning: 'marginaleffects::marginaleffects' is deprecated. Deprecated functions may be defunct as soon as of the next release of R. See ?Deprecated. Examples with CPU (user + system) or elapsed time > 5s user system elapsed estimate_contrasts 15.599 0.653 21.87 Flavor: r-patched-linux-x86_64