CRAN Package Check Results for Package modelgrid

Last updated on 2022-01-22 22:52:17 CET.

Flavor Version Tinstall Tcheck Ttotal Status Flags
r-devel-linux-x86_64-debian-clang 1.1.1.0 12.16 197.36 209.52 NOTE
r-devel-linux-x86_64-debian-gcc 1.1.1.0 12.08 149.49 161.57 NOTE
r-devel-linux-x86_64-fedora-clang 1.1.1.0 251.18 NOTE
r-devel-linux-x86_64-fedora-gcc 1.1.1.0 239.36 NOTE
r-devel-windows-x86_64-new-UL 1.1.1.0 39.00 216.00 255.00 NOTE
r-devel-windows-x86_64-new-TK 1.1.1.0 NOTE
r-patched-linux-x86_64 1.1.1.0 18.24 186.15 204.39 NOTE
r-release-linux-x86_64 1.1.1.0 9.10 186.41 195.51 NOTE
r-release-macos-arm64 1.1.1.0 NOTE
r-release-macos-x86_64 1.1.1.0 NOTE
r-release-windows-ix86+x86_64 1.1.1.0 32.00 225.00 257.00 NOTE
r-oldrel-macos-x86_64 1.1.1.0 NOTE
r-oldrel-windows-ix86+x86_64 1.1.1.0 32.00 226.00 258.00 OK

Check Details

Version: 1.1.1.0
Check: LazyData
Result: NOTE
     'LazyData' is specified without a 'data' directory
Flavors: r-devel-linux-x86_64-debian-clang, r-devel-linux-x86_64-debian-gcc, r-devel-linux-x86_64-fedora-clang, r-devel-linux-x86_64-fedora-gcc, r-devel-windows-x86_64-new-UL, r-devel-windows-x86_64-new-TK, r-patched-linux-x86_64, r-release-linux-x86_64, r-release-macos-arm64, r-release-macos-x86_64, r-release-windows-ix86+x86_64

Version: 1.1.1.0
Check: dependencies in R code
Result: NOTE
    Namespaces in Imports field not imported from:
     ‘ggplot2’ ‘lattice’
     All declared Imports should be used.
Flavors: r-devel-linux-x86_64-fedora-clang, r-devel-linux-x86_64-fedora-gcc, r-devel-windows-x86_64-new-TK, r-release-macos-arm64, r-release-macos-x86_64, r-oldrel-macos-x86_64