CRAN Package Check Results for Package monitoR

Last updated on 2022-01-25 22:57:02 CET.

Flavor Version Tinstall Tcheck Ttotal Status Flags
r-devel-linux-x86_64-debian-clang 1.0.7 13.17 134.16 147.33 OK
r-devel-linux-x86_64-debian-gcc 1.0.7 9.82 101.20 111.02 OK
r-devel-linux-x86_64-fedora-clang 1.0.7 178.55 NOTE
r-devel-linux-x86_64-fedora-gcc 1.0.7 167.90 OK
r-devel-windows-x86_64-new-UL 1.0.7 77.00 170.00 247.00 OK
r-devel-windows-x86_64-new-TK 1.0.7 OK
r-patched-linux-x86_64 1.0.7 15.64 129.11 144.75 OK
r-release-linux-x86_64 1.0.7 9.53 127.67 137.20 OK
r-release-macos-arm64 1.0.7 NOTE
r-release-macos-x86_64 1.0.7 OK
r-release-windows-ix86+x86_64 1.0.7 26.00 155.00 181.00 OK
r-oldrel-macos-x86_64 1.0.7 OK
r-oldrel-windows-ix86+x86_64 1.0.7 24.00 146.00 170.00 OK

Check Details

Version: 1.0.7
Check: Rd cross-references
Result: NOTE
    Undeclared package ‘seewave’ in Rd xrefs
Flavor: r-devel-linux-x86_64-fedora-clang

Version: 1.0.7
Check: package dependencies
Result: NOTE
    Package suggested but not available for checking: ‘RODBC’
Flavor: r-release-macos-arm64

Version: 1.0.7
Check: Rd cross-references
Result: NOTE
    Package unavailable to check Rd xrefs: ‘RODBC’
Flavor: r-release-macos-arm64