CRAN Package Check Results for Package mosaicData

Last updated on 2021-12-07 22:59:36 CET.

Flavor Version Tinstall Tcheck Ttotal Status Flags
r-devel-linux-x86_64-debian-clang 0.20.2 3.61 46.09 49.70 OK
r-devel-linux-x86_64-debian-gcc 0.20.2 3.42 36.20 39.62 OK
r-devel-linux-x86_64-fedora-clang 0.20.2 62.19 NOTE
r-devel-linux-x86_64-fedora-gcc 0.20.2 51.70 NOTE
r-devel-windows-x86_64-new-UL 0.20.2 14.00 85.00 99.00 OK
r-devel-windows-x86_64-new-TK 0.20.2 NOTE
r-devel-windows-x86_64-old 0.20.2 7.00 51.00 58.00 OK
r-patched-linux-x86_64 0.20.2 5.69 43.50 49.19 OK
r-release-linux-x86_64 0.20.2 3.56 43.73 47.29 OK
r-release-macos-arm64 0.20.2 NOTE
r-release-macos-x86_64 0.20.2 NOTE
r-release-windows-ix86+x86_64 0.20.2 8.00 66.00 74.00 OK
r-oldrel-macos-x86_64 0.20.2 NOTE
r-oldrel-windows-ix86+x86_64 0.20.2 19.00 67.00 86.00 OK

Check Details

Version: 0.20.2
Check: data for non-ASCII characters
Result: NOTE
     Note: found 7 marked UTF-8 strings
Flavors: r-devel-linux-x86_64-fedora-clang, r-devel-linux-x86_64-fedora-gcc, r-devel-windows-x86_64-new-TK, r-release-macos-arm64, r-release-macos-x86_64, r-oldrel-macos-x86_64