CRAN Package Check Results for Package moult

Last updated on 2021-11-27 22:57:03 CET.

Flavor Version Tinstall Tcheck Ttotal Status Flags
r-devel-linux-x86_64-debian-clang 2.2.0 OK
r-devel-linux-x86_64-debian-gcc 2.2.0 5.76 51.60 57.36 ERROR
r-devel-linux-x86_64-fedora-clang 2.2.0 101.15 OK
r-devel-linux-x86_64-fedora-gcc 2.2.0 91.18 ERROR
r-devel-windows-x86_64-new-UL 2.2.0 15.00 106.00 121.00 OK
r-devel-windows-x86_64-new-TK 2.2.0 OK
r-devel-windows-x86_64-old 2.2.0 9.00 87.00 96.00 OK
r-patched-linux-x86_64 2.2.0 7.74 65.27 73.01 OK
r-patched-solaris-x86 2.2.0 131.00 OK
r-release-linux-x86_64 2.2.0 OK
r-release-macos-arm64 2.2.0 OK
r-release-macos-x86_64 2.2.0 OK
r-release-windows-ix86+x86_64 2.2.0 18.00 69.00 87.00 OK
r-oldrel-macos-x86_64 2.2.0 OK
r-oldrel-windows-ix86+x86_64 2.2.0 14.00 88.00 102.00 OK

Check Details

Version: 2.2.0
Check: examples
Result: ERROR
    Running examples in ‘moult-Ex.R’ failed
    The error most likely occurred in:
    
    > base::assign(".ptime", proc.time(), pos = "CheckExEnv")
    > ### Name: moult
    > ### Title: Models to analyse data of moult in birds
    > ### Aliases: moult print.moult summary.moult logLik.moult moult_alternative
    >
    > ### ** Examples
    >
    >
    > data(sanderlings)
    >
    > m2 <- moult(MIndex ~ Day, data = sanderlings)
    Error in `[.data.frame`(Day, PFMG == 0, 2) :
     'list' object cannot be coerced to type 'double'
    Calls: moult -> [ -> [.data.frame
    Execution halted
Flavor: r-devel-linux-x86_64-debian-gcc

Version: 2.2.0
Check: examples
Result: ERROR
    Running examples in ‘moult-Ex.R’ failed
    The error most likely occurred in:
    
    > ### Name: moult
    > ### Title: Models to analyse data of moult in birds
    > ### Aliases: moult print.moult summary.moult logLik.moult moult_alternative
    >
    > ### ** Examples
    >
    >
    > data(sanderlings)
    >
    > m2 <- moult(MIndex ~ Day, data = sanderlings)
    Error in `[.data.frame`(Day, PFMG == 0, 2) :
     'list' object cannot be coerced to type 'double'
    Calls: moult -> [ -> [.data.frame
    Execution halted
Flavor: r-devel-linux-x86_64-fedora-gcc