CRAN Package Check Results for Package movMF

Last updated on 2021-12-05 22:48:58 CET.

Flavor Version Tinstall Tcheck Ttotal Status Flags
r-devel-linux-x86_64-debian-clang 0.2-6 4.59 88.35 92.94 NOTE
r-devel-linux-x86_64-debian-gcc 0.2-6 2.80 69.28 72.08 NOTE
r-devel-linux-x86_64-fedora-clang 0.2-6 118.49 NOTE
r-devel-linux-x86_64-fedora-gcc 0.2-6 99.92 NOTE
r-devel-windows-x86_64-new-UL 0.2-6 15.00 174.00 189.00 NOTE
r-devel-windows-x86_64-new-TK 0.2-6 NOTE
r-devel-windows-x86_64-old 0.2-6 11.00 93.00 104.00 NOTE
r-patched-linux-x86_64 0.2-6 4.71 66.84 71.55 NOTE
r-release-linux-x86_64 0.2-6 3.90 75.71 79.61 NOTE
r-release-macos-arm64 0.2-6 NOTE
r-release-macos-x86_64 0.2-6 NOTE
r-release-windows-ix86+x86_64 0.2-6 16.00 119.00 135.00 NOTE
r-oldrel-macos-x86_64 0.2-6 NOTE
r-oldrel-windows-ix86+x86_64 0.2-6 16.00 119.00 135.00 NOTE

Check Details

Version: 0.2-6
Check: package dependencies
Result: NOTE
    Package suggested but not available for checking: 'corpus.useR.2008.abstracts'
Flavors: r-devel-linux-x86_64-debian-clang, r-devel-linux-x86_64-debian-gcc, r-devel-linux-x86_64-fedora-clang, r-devel-linux-x86_64-fedora-gcc, r-devel-windows-x86_64-new-UL, r-devel-windows-x86_64-new-TK, r-devel-windows-x86_64-old, r-patched-linux-x86_64, r-release-linux-x86_64, r-release-macos-arm64, r-release-macos-x86_64, r-release-windows-ix86+x86_64, r-oldrel-macos-x86_64, r-oldrel-windows-ix86+x86_64