CRAN Package Check Results for Package mptools

Last updated on 2022-01-28 23:00:43 CET.

Flavor Version Tinstall Tcheck Ttotal Status Flags
r-devel-linux-x86_64-debian-clang 1.0.1 28.81 537.88 566.69 NOTE
r-devel-linux-x86_64-debian-gcc 1.0.1 25.66 360.64 386.30 NOTE
r-devel-linux-x86_64-fedora-clang 1.0.1 534.44 NOTE
r-devel-linux-x86_64-fedora-gcc 1.0.1 466.47 NOTE
r-devel-windows-x86_64-new-UL 1.0.1 135.00 394.00 529.00 NOTE
r-devel-windows-x86_64-new-TK 1.0.1 NOTE
r-patched-linux-x86_64 1.0.1 24.48 432.00 456.48 NOTE
r-release-linux-x86_64 1.0.1 27.52 428.91 456.43 NOTE
r-release-macos-arm64 1.0.1 NOTE
r-release-macos-x86_64 1.0.1 NOTE
r-release-windows-ix86+x86_64 1.0.1 64.00 369.00 433.00 NOTE
r-oldrel-macos-x86_64 1.0.1 OK
r-oldrel-windows-ix86+x86_64 1.0.1 67.00 373.00 440.00 OK

Check Details

Version: 1.0.1
Check: LazyData
Result: NOTE
     'LazyData' is specified without a 'data' directory
Flavors: r-devel-linux-x86_64-debian-clang, r-devel-linux-x86_64-debian-gcc, r-devel-linux-x86_64-fedora-clang, r-devel-linux-x86_64-fedora-gcc, r-devel-windows-x86_64-new-UL, r-devel-windows-x86_64-new-TK, r-patched-linux-x86_64, r-release-linux-x86_64, r-release-macos-arm64, r-release-macos-x86_64, r-release-windows-ix86+x86_64