CRAN Package Check Results for Package mrgsolve

Last updated on 2021-12-01 22:53:17 CET.

Flavor Version Tinstall Tcheck Ttotal Status Flags
r-devel-linux-x86_64-debian-clang 0.11.1 124.61 130.38 254.99 OK
r-devel-linux-x86_64-debian-gcc 0.11.1 99.68 98.69 198.37 OK
r-devel-linux-x86_64-fedora-clang 0.11.1 373.52 NOTE
r-devel-linux-x86_64-fedora-gcc 0.11.1 341.93 OK
r-devel-windows-x86_64-new-UL 0.11.1 218.00 226.00 444.00 OK
r-devel-windows-x86_64-new-TK 0.11.1 OK
r-devel-windows-x86_64-old 0.11.1 208.00 129.00 337.00 OK
r-patched-linux-x86_64 0.11.1 118.62 121.34 239.96 OK
r-patched-solaris-x86 0.11.1 326.60 OK
r-release-linux-x86_64 0.11.1 119.82 122.20 242.02 OK
r-release-macos-arm64 0.11.1 NOTE
r-release-macos-x86_64 0.11.1 NOTE
r-release-windows-ix86+x86_64 0.11.1 384.00 257.00 641.00 OK
r-oldrel-macos-x86_64 0.11.1 NOTE
r-oldrel-windows-ix86+x86_64 0.11.1 382.00 242.00 624.00 OK

Check Details

Version: 0.11.1
Check: installed package size
Result: NOTE
     installed size is 5.9Mb
     sub-directories of 1Mb or more:
     libs 4.2Mb
Flavors: r-devel-linux-x86_64-fedora-clang, r-release-macos-arm64, r-release-macos-x86_64, r-oldrel-macos-x86_64