CRAN Package Check Results for Package msaenet

Last updated on 2022-01-24 22:56:33 CET.

Flavor Version Tinstall Tcheck Ttotal Status Flags
r-devel-linux-x86_64-debian-clang 3.1 9.48 139.69 149.17 NOTE
r-devel-linux-x86_64-debian-gcc 3.1 7.75 106.21 113.96 NOTE
r-devel-linux-x86_64-fedora-clang 3.1 178.66 NOTE
r-devel-linux-x86_64-fedora-gcc 3.1 176.68 NOTE
r-devel-windows-x86_64-new-UL 3.1 44.00 164.00 208.00 NOTE
r-devel-windows-x86_64-new-TK 3.1 NOTE
r-patched-linux-x86_64 3.1 8.76 134.47 143.23 NOTE
r-release-linux-x86_64 3.1 7.76 134.66 142.42 NOTE
r-release-macos-arm64 3.1 NOTE
r-release-macos-x86_64 3.1 NOTE
r-release-windows-ix86+x86_64 3.1 19.00 170.00 189.00 NOTE
r-oldrel-macos-x86_64 3.1 OK
r-oldrel-windows-ix86+x86_64 3.1 19.00 168.00 187.00 OK

Check Details

Version: 3.1
Check: LazyData
Result: NOTE
     'LazyData' is specified without a 'data' directory
Flavors: r-devel-linux-x86_64-debian-clang, r-devel-linux-x86_64-debian-gcc, r-devel-linux-x86_64-fedora-clang, r-devel-linux-x86_64-fedora-gcc, r-devel-windows-x86_64-new-UL, r-devel-windows-x86_64-new-TK, r-patched-linux-x86_64, r-release-linux-x86_64, r-release-macos-arm64, r-release-macos-x86_64, r-release-windows-ix86+x86_64