CRAN Package Check Results for Package msigdbr

Last updated on 2022-01-23 22:49:47 CET.

Flavor Version Tinstall Tcheck Ttotal Status Flags
r-devel-linux-x86_64-debian-clang 7.4.1 29.19 254.79 283.98 OK
r-devel-linux-x86_64-debian-gcc 7.4.1 29.04 218.04 247.08 OK
r-devel-linux-x86_64-fedora-clang 7.4.1 354.46 NOTE
r-devel-linux-x86_64-fedora-gcc 7.4.1 347.54 OK
r-devel-windows-x86_64-new-UL 7.4.1 37.00 345.00 382.00 NOTE
r-devel-windows-x86_64-new-TK 7.4.1 OK
r-patched-linux-x86_64 7.4.1 29.80 249.00 278.80 OK
r-release-linux-x86_64 7.4.1 30.80 250.20 281.00 OK
r-release-macos-arm64 7.4.1 NOTE
r-release-macos-x86_64 7.4.1 NOTE
r-release-windows-ix86+x86_64 7.4.1 53.00 309.00 362.00 NOTE
r-oldrel-macos-x86_64 7.4.1 NOTE
r-oldrel-windows-ix86+x86_64 7.4.1 54.00 315.00 369.00 NOTE

Check Details

Version: 7.4.1
Check: installed package size
Result: NOTE
     installed size is 5.9Mb
     sub-directories of 1Mb or more:
     R 5.8Mb
Flavors: r-devel-linux-x86_64-fedora-clang, r-devel-windows-x86_64-new-UL, r-release-macos-arm64, r-release-macos-x86_64, r-release-windows-ix86+x86_64, r-oldrel-macos-x86_64, r-oldrel-windows-ix86+x86_64