CRAN Package Check Results for Package mstate

Last updated on 2024-02-20 23:54:00 CET.

Flavor Version Tinstall Tcheck Ttotal Status Flags
r-devel-linux-x86_64-debian-clang 0.3.2 OK
r-devel-linux-x86_64-debian-gcc 0.3.2 13.75 135.14 148.89 OK
r-devel-linux-x86_64-fedora-clang 0.3.2 249.62 OK
r-devel-linux-x86_64-fedora-gcc 0.3.2 269.67 OK
r-devel-windows-x86_64 0.3.2 16.00 169.00 185.00 OK
r-patched-linux-x86_64 0.3.2 16.46 159.84 176.30 OK
r-release-linux-x86_64 0.3.2 12.75 182.52 195.27 OK
r-release-macos-arm64 0.3.2 82.00 OK
r-release-macos-x86_64 0.3.2 141.00 OK
r-release-windows-x86_64 0.3.2 21.00 207.00 228.00 OK
r-oldrel-macos-arm64 0.3.2 67.00 NOTE
r-oldrel-windows-x86_64 0.3.2 22.00 196.00 218.00 OK

Check Details

Version: 0.3.2
Check: re-building of vignette outputs
Result: NOTE Error(s) in re-building vignettes: --- re-building ‘visuals_demo.Rmd’ using rmarkdown Warning in doTryCatch(return(expr), name, parentenv, handler) : no font could be found for family "Arial" Warning in doTryCatch(return(expr), name, parentenv, handler) : no font could be found for family "Arial" Warning in doTryCatch(return(expr), name, parentenv, handler) : no font could be found for family "Arial" Warning in doTryCatch(return(expr), name, parentenv, handler) : no font could be found for family "Arial" Warning in doTryCatch(return(expr), name, parentenv, handler) : no font could be found for family "Arial" Warning in doTryCatch(return(expr), name, parentenv, handler) : no font could be found for family "Arial" Warning in doTryCatch(return(expr), name, parentenv, handler) : no font could be found for family "Arial" Warning in doTryCatch(return(expr), name, parentenv, handler) : no font could be found for family "Arial" Warning in doTryCatch(return(expr), name, parentenv, handler) : no font could be found for family "Arial" Warning in doTryCatch(return(expr), name, parentenv, handler) : no font could be found for family "Arial" Warning in doTryCatch(return(expr), name, parentenv, handler) : no font could be found for family "Arial" Warning in doTryCatch(return(expr), name, parentenv, handler) : no font could be found for family "Arial" Warning in doTryCatch(return(expr), name, parentenv, handler) : no font could be found for family "Arial" Warning in doTryCatch(return(expr), name, parentenv, handler) : no font could be found for family "Arial" Warning in doTryCatch(return(expr), name, parentenv, handler) : no font could be found for family "Arial" Warning in doTryCatch(return(expr), name, parentenv, handler) : no font could be found for family "Arial" Warning in doTryCatch(return(expr), name, parentenv, handler) : no font could be found for family "Arial" Warning in doTryCatch(return(expr), name, parentenv, handler) : no font could be found for family "Arial" Warning in doTryCatch(return(expr), name, parentenv, handler) : no font could be found for family "Arial" Warning in doTryCatch(return(expr), name, parentenv, handler) : no font could be found for family "Arial" Warning in doTryCatch(return(expr), name, parentenv, handler) : no font could be found for family "Arial" Warning in doTryCatch(return(expr), name, parentenv, handler) : no font could be found for family "Arial" Warning in doTryCatch(return(expr), name, parentenv, handler) : no font could be found for family "Arial" Warning in doTryCatch(return(expr), name, parentenv, handler) : no font could be found for family "Arial" Warning in doTryCatch(return(expr), name, parentenv, handler) : no font could be found for family "Arial" Warning in doTryCatch(return(expr), name, parentenv, handler) : no font could be found for family "Arial" Warning in doTryCatch(return(expr), name, parentenv, handler) : no font could be found for family "Arial" Warning in doTryCatch(return(expr), name, parentenv, handler) : no font could be found for family "Arial" Warning in doTryCatch(return(expr), name, parentenv, handler) : no font could be found for family "Arial" Warning in doTryCatch(return(expr), name, parentenv, handler) : no font could be found for family "Arial" Warning in doTryCatch(return(expr), name, parentenv, handler) : no font could be found for family "Arial" Warning in doTryCatch(return(expr), name, parentenv, handler) : no font could be found for family "Arial" Warning in doTryCatch(return(expr), name, parentenv, handler) : no font could be found for family "Arial" Warning in doTryCatch(return(expr), name, parentenv, handler) : no font could be found for family "Arial" Warning in doTryCatch(return(expr), name, parentenv, handler) : no font could be found for family "Arial" Warning in doTryCatch(return(expr), name, parentenv, handler) : no font could be found for family "Arial" Warning in doTryCatch(return(expr), name, parentenv, handler) : no font could be found for family "Arial" Warning in doTryCatch(return(expr), name, parentenv, handler) : no font could be found for family "Arial" Warning in doTryCatch(return(expr), name, parentenv, handler) : no font could be found for family "Arial" Warning in doTryCatch(return(expr), name, parentenv, handler) : no font could be found for family "Arial" Warning in doTryCatch(return(expr), name, parentenv, handler) : no font could be found for family "Arial" Warning in doTryCatch(return(expr), name, parentenv, handler) : no font could be found for family "Arial" Warning in doTryCatch(return(expr), name, parentenv, handler) : no font could be found for family "Arial" Warning in doTryCatch(return(expr), name, parentenv, handler) : no font could be found for family "Arial" Warning in doTryCatch(return(expr), name, parentenv, handler) : no font could be found for family "Arial" Quitting from lines 101-102 (visuals_demo.Rmd) Error: processing vignette 'visuals_demo.Rmd' failed with diagnostics: polygon edge not found --- failed re-building ‘visuals_demo.Rmd’ --- re-building ‘Tutorial.Rnw’ using Sweave --- finished re-building ‘Tutorial.Rnw’ SUMMARY: processing the following file failed: ‘visuals_demo.Rmd’ Error: Vignette re-building failed. Execution halted Flavor: r-oldrel-macos-arm64