CRAN Package Check Results for Package multiApply

Last updated on 2021-12-04 22:59:40 CET.

Flavor Version Tinstall Tcheck Ttotal Status Flags
r-devel-linux-x86_64-debian-clang 2.1.3 3.90 40.67 44.57 NOTE
r-devel-linux-x86_64-debian-gcc 2.1.3 2.99 31.52 34.51 NOTE
r-devel-linux-x86_64-fedora-clang 2.1.3 54.68 NOTE
r-devel-linux-x86_64-fedora-gcc 2.1.3 43.46 NOTE
r-devel-windows-x86_64-new-UL 2.1.3 8.00 69.00 77.00 NOTE
r-devel-windows-x86_64-new-TK 2.1.3 NOTE
r-devel-windows-x86_64-old 2.1.3 9.00 42.00 51.00 NOTE
r-patched-linux-x86_64 2.1.3 3.46 30.74 34.20 NOTE
r-release-linux-x86_64 2.1.3 3.53 30.68 34.21 NOTE
r-release-macos-arm64 2.1.3 NOTE
r-release-macos-x86_64 2.1.3 NOTE
r-release-windows-ix86+x86_64 2.1.3 8.00 52.00 60.00 NOTE
r-oldrel-macos-x86_64 2.1.3 OK
r-oldrel-windows-ix86+x86_64 2.1.3 8.00 50.00 58.00 OK

Check Details

Version: 2.1.3
Check: LazyData
Result: NOTE
     'LazyData' is specified without a 'data' directory
Flavors: r-devel-linux-x86_64-debian-clang, r-devel-linux-x86_64-debian-gcc, r-devel-linux-x86_64-fedora-clang, r-devel-linux-x86_64-fedora-gcc, r-devel-windows-x86_64-new-UL, r-devel-windows-x86_64-new-TK, r-devel-windows-x86_64-old, r-patched-linux-x86_64, r-release-linux-x86_64, r-release-macos-arm64, r-release-macos-x86_64, r-release-windows-ix86+x86_64