CRAN Package Check Results for Package multiMarker

Last updated on 2024-05-17 22:56:50 CEST.

Flavor Version Tinstall Tcheck Ttotal Status Flags
r-devel-linux-x86_64-debian-clang 1.0.1 3.49 43.44 46.93 NOTE
r-devel-linux-x86_64-debian-gcc 1.0.1 2.24 33.51 35.75 NOTE
r-devel-linux-x86_64-fedora-clang 1.0.1 64.66 NOTE
r-devel-linux-x86_64-fedora-gcc 1.0.1 62.51 NOTE
r-devel-windows-x86_64 1.0.1 3.00 57.00 60.00 NOTE
r-patched-linux-x86_64 1.0.1 2.28 43.70 45.98 NOTE
r-release-linux-x86_64 1.0.1 2.82 45.51 48.33 NOTE
r-release-macos-arm64 1.0.1 21.00 NOTE
r-release-windows-x86_64 1.0.1 5.00 58.00 63.00 NOTE
r-oldrel-macos-arm64 1.0.1 21.00 NOTE
r-oldrel-macos-x86_64 1.0.1 31.00 NOTE
r-oldrel-windows-x86_64 1.0.1 4.00 61.00 65.00 NOTE

Check Details

Version: 1.0.1
Check: Rd files
Result: NOTE checkRd: (-1) multiMarker.Rd:49: Lost braces in \itemize; \value handles \item{}{} directly checkRd: (-1) multiMarker.Rd:50: Lost braces in \itemize; \value handles \item{}{} directly checkRd: (-1) multiMarker.Rd:51: Lost braces in \itemize; \value handles \item{}{} directly checkRd: (-1) multiMarker.Rd:52: Lost braces in \itemize; \value handles \item{}{} directly checkRd: (-1) multiMarker.Rd:53: Lost braces in \itemize; \value handles \item{}{} directly checkRd: (-1) multiMarker.Rd:54: Lost braces in \itemize; \value handles \item{}{} directly checkRd: (-1) multiMarker.Rd:55: Lost braces in \itemize; \value handles \item{}{} directly checkRd: (-1) multiMarker.Rd:56: Lost braces in \itemize; \value handles \item{}{} directly checkRd: (-1) multiMarker.Rd:57: Lost braces in \itemize; \value handles \item{}{} directly checkRd: (-1) multiMarker.Rd:58: Lost braces in \itemize; \value handles \item{}{} directly checkRd: (-1) multiMarker.Rd:63: Lost braces in \itemize; \value handles \item{}{} directly checkRd: (-1) multiMarker.Rd:64: Lost braces in \itemize; \value handles \item{}{} directly checkRd: (-1) multiMarker.Rd:65: Lost braces in \itemize; \value handles \item{}{} directly checkRd: (-1) multiMarker.Rd:66: Lost braces in \itemize; \value handles \item{}{} directly checkRd: (-1) multiMarker.Rd:67: Lost braces in \itemize; \value handles \item{}{} directly checkRd: (-1) multiMarker.Rd:68: Lost braces in \itemize; \value handles \item{}{} directly checkRd: (-1) multiMarker.Rd:69: Lost braces in \itemize; \value handles \item{}{} directly checkRd: (-1) multiMarker.Rd:70: Lost braces in \itemize; \value handles \item{}{} directly checkRd: (-1) multiMarker.Rd:71: Lost braces in \itemize; \value handles \item{}{} directly checkRd: (-1) multiMarker.Rd:72: Lost braces in \itemize; \value handles \item{}{} directly checkRd: (-1) multiMarker.Rd:73: Lost braces in \itemize; \value handles \item{}{} directly checkRd: (-1) multiMarker.Rd:74: Lost braces in \itemize; \value handles \item{}{} directly checkRd: (-1) multiMarker.Rd:79: Lost braces in \itemize; \value handles \item{}{} directly checkRd: (-1) multiMarker.Rd:80: Lost braces in \itemize; \value handles \item{}{} directly checkRd: (-1) multiMarker.Rd:81: Lost braces in \itemize; \value handles \item{}{} directly checkRd: (-1) multiMarker.Rd:82: Lost braces in \itemize; \value handles \item{}{} directly checkRd: (-1) multiMarker.Rd:83: Lost braces in \itemize; \value handles \item{}{} directly checkRd: (-1) multiMarker.Rd:84: Lost braces in \itemize; \value handles \item{}{} directly checkRd: (-1) multiMarker.Rd:85: Lost braces in \itemize; \value handles \item{}{} directly checkRd: (-1) multiMarker.Rd:86: Lost braces in \itemize; \value handles \item{}{} directly checkRd: (-1) multiMarker.Rd:87: Lost braces in \itemize; \value handles \item{}{} directly checkRd: (-1) multiMarker.Rd:88: Lost braces in \itemize; \value handles \item{}{} directly checkRd: (-1) predict.multiMarker.Rd:34: Lost braces in \itemize; \value handles \item{}{} directly checkRd: (-1) predict.multiMarker.Rd:35: Lost braces in \itemize; \value handles \item{}{} directly checkRd: (-1) predict.multiMarker.Rd:40: Lost braces in \itemize; \value handles \item{}{} directly checkRd: (-1) predict.multiMarker.Rd:41: Lost braces in \itemize; \value handles \item{}{} directly Flavors: r-devel-linux-x86_64-debian-clang, r-devel-linux-x86_64-debian-gcc, r-devel-linux-x86_64-fedora-clang, r-devel-linux-x86_64-fedora-gcc, r-devel-windows-x86_64, r-patched-linux-x86_64, r-release-linux-x86_64, r-release-macos-arm64, r-release-windows-x86_64

Version: 1.0.1
Check: LazyData
Result: NOTE 'LazyData' is specified without a 'data' directory Flavors: r-devel-linux-x86_64-debian-clang, r-devel-linux-x86_64-debian-gcc, r-devel-linux-x86_64-fedora-clang, r-devel-linux-x86_64-fedora-gcc, r-devel-windows-x86_64, r-patched-linux-x86_64, r-release-linux-x86_64, r-release-macos-arm64, r-release-windows-x86_64, r-oldrel-macos-arm64, r-oldrel-macos-x86_64, r-oldrel-windows-x86_64