CRAN Package Check Results for Package multidplyr

Last updated on 2021-12-02 22:55:59 CET.

Flavor Version Tinstall Tcheck Ttotal Status Flags
r-devel-linux-x86_64-debian-clang 0.1.0 5.29 126.30 131.59 NOTE
r-devel-linux-x86_64-debian-gcc 0.1.1 4.23 109.21 113.44 OK
r-devel-linux-x86_64-fedora-clang 0.1.1 129.81 OK
r-devel-linux-x86_64-fedora-gcc 0.1.1 160.98 OK
r-devel-windows-x86_64-new-UL 0.1.0 14.00 157.00 171.00 WARN
r-devel-windows-x86_64-new-TK 0.1.0 WARN
r-devel-windows-x86_64-old 0.1.0 9.00 86.00 95.00 WARN
r-patched-linux-x86_64 0.1.0 4.31 121.98 126.29 NOTE
r-patched-solaris-x86 0.1.1 142.30 OK
r-release-linux-x86_64 0.1.0 5.71 120.28 125.99 NOTE
r-release-macos-arm64 0.1.0 NOTE
r-release-macos-x86_64 0.1.0 NOTE
r-release-windows-ix86+x86_64 0.1.0 12.00 151.00 163.00 NOTE
r-oldrel-macos-x86_64 0.1.0 NOTE
r-oldrel-windows-ix86+x86_64 0.1.0 15.00 159.00 174.00 OK

Check Details

Version: 0.1.0
Check: LazyData
Result: NOTE
     'LazyData' is specified without a 'data' directory
Flavors: r-devel-linux-x86_64-debian-clang, r-devel-windows-x86_64-new-UL, r-devel-windows-x86_64-new-TK, r-devel-windows-x86_64-old, r-patched-linux-x86_64, r-release-linux-x86_64, r-release-macos-arm64, r-release-macos-x86_64, r-release-windows-ix86+x86_64

Version: 0.1.0
Check: re-building of vignette outputs
Result: WARN
    Error(s) in re-building vignettes:
    --- re-building 'multidplyr.Rmd' using rmarkdown
    *** recursive gc invocation
    *** recursive gc invocation
    *** recursive gc invocation
    *** recursive gc invocation
    *** recursive gc invocation
    *** recursive gc invocation
    *** recursive gc invocation
    *** recursive gc invocation
    *** recursive gc invocation
    *** recursive gc invocation
    *** recursive gc invocation
    *** recursive gc invocation
    *** recursive gc invocation
    *** recursive gc invocation
    *** recursive gc invocation
    *** recursive gc invocation
    *** recursive gc invocation
    *** recursive gc invocation
    *** recursive gc invocation
    *** recursive gc invocation
    *** recursive gc invocation
    *** recursive gc invocation
    *** recursive gc invocation
    *** recursive gc invocation
    *** recursive gc invocation
    *** recursive gc invocation
    *** recursive gc invocation
    *** recursive gc invocation
    *** recursive gc invocation
    *** recursive gc invocation
    *** recursive gc invocation
    *** recursive gc invocation
    *** recursive gc invocation
    *** recursive gc invocation
    *** recursive gc invocation
    *** recursive gc invocation
    *** recursive gc invocation
    *** recursive gc invocation
    *** recursive gc invocation
    *** recursive gc invocation
    *** recursive gc invocation
    *** recursive gc invocation
    *** recursive gc invocation
    *** recursive gc invocation
    *** recursive gc invocation
    *** recursive gc invocation
    *** recursive gc invocation
    *** recursive gc invocation
    *** recursive gc invocation
    *** recursive gc invocation
    *** recursive gc invocation
    *** recursive gc invocation
    *** recursive gc invocation
    *** recursive gc invocation
    *** recursive gc invocation
    *** recursive gc invocation
    *** recursive gc invocation
    *** recursive gc invocation
    *** recursive gc invocation
    *** recursive gc invocation
    *** recursive gc invocation
    *** recursive gc invocation
    *** recursive gc invocation
    *** recursive gc invocation
    *** recursive gc invocation
    *** recursive gc invocation
    *** recursive gc invocation
    *** recursive gc invocation
    *** recursive gc invocation
    *** recursive gc invocation
    *** recursive gc invocation
    *** recursive gc invocation
    *** recursive gc invocation
    *** recursive gc invocation
    *** recursive gc invocation
    *** recursive gc invocation
    *** recursive gc invocation
    *** recursive gc invocation
    *** recursive gc invocation
    *** recursive gc invocation
    *** recursive gc invocation
    *** recursive gc invocation
    *** recursive gc invocation
    *** recursive gc invocation
    *** recursive gc invocation
    *** recursive gc invocation
    *** recursive gc invocation
    *** recursive gc invocation
    *** recursive gc invocation
    *** recursive gc invocation
    *** recursive gc invocation
    *** recursive gc invocation
    *** recursive gc invocation
    *** recursive gc invocation
    *** recursive gc invocation
    *** recursive gc invocation
    *** recursive gc invocation
    *** recursive gc invocation
    *** recursive gc invocation
    *** recursive gc invocation
    *** recursive gc invocation
    *** recursive gc invocation
    *** recursive gc invocation
    *** recursive gc invocation
    *** recursive gc invocation
    *** recursive gc invocation
    *** recursive gc invocation
    *** recursive gc invocation
    *** recursive gc invocation
    *** recursive gc invocation
    *** recursive gc invocation
    *** recursive gc invocation
    *** recursive gc invocation
    *** recursive gc invocation
    *** recursive gc invocation
    *** recursive gc invocation
    *** recursive gc invocation
    *** recursive gc invocation
    *** recursive gc invocation
    *** recursive gc invocation
    *** recursive gc invocation
    *** recursive gc invocation
    *** recursive gc invocation
    *** recursive gc invocation
    *** recursive gc invocation
    *** recursive gc invocation
    *** recursive gc invocation
    *** recursive gc invocation
    *** recursive gc invocation
    *** recursive gc invocation
    *** recursive gc invocation
    *** recursive gc invocation
    *** recursive gc invocation
    *** recursive gc invocation
    *** recursive gc invocation
    *** recursive gc invocation
    *** recursive gc invocation
    *** recursive gc invocation
    *** recursive gc invocation
    *** recursive gc invocation
    *** recursive gc invocation
    *** recursive gc invocation
    *** recursive gc invocation
    *** recursive gc invocation
    *** recursive gc invocation
    *** recursive gc invocation
    *** recursive gc invocation
    *** recursive gc invocation
    *** recursive gc invocation
    *** recursive gc invocation
    *** recursive gc invocation
    *** recursive gc invocation
    *** recursive gc invocation
    *** recursive gc invocation
    *** recursive gc invocation
    *** recursive gc invocation
    *** recursive gc invocation
    *** recursive gc invocation
    *** recursive gc invocation
    *** recursive gc invocation
    *** recursive gc invocation
    *** recursive gc invocation
    *** recursive gc invocation
    *** recursive gc invocation
    *** recursive gc invocation
    *** recursive gc invocation
    *** recursive gc invocation
    *** recursive gc invocation
    *** recursive gc invocation
    *** recursive gc invocation
    *** recursive gc invocation
    *** recursive gc invocation
    *** recursive gc invocation
    *** recursive gc invocation
    *** recursive gc invocation
    *** recursive gc invocation
    *** recursive gc invocation
    *** recursive gc invocation
    *** recursive gc invocation
    *** recursive gc invocation
    *** recursive gc invocation
    *** recursive gc invocation
    *** recursive gc invocation
    *** recursive gc invocation
    *** recursive gc invocation
    *** recursive gc invocation
    *** recursive gc invocation
    *** recursive gc invocation
    *** recursive gc invocation
    *** recursive gc invocation
    *** recursive gc invocation
    *** recursive gc invocation
    *** recursive gc invocation
    *** recursive gc invocation
    *** recursive gc invocation
    *** recursive gc invocation
    *** recursive gc invocation
    *** recursive gc invocation
    *** recursive gc invocation
    *** recursive gc invocation
    *** recursive gc invocation
    *** recursive gc invocation
    *** recursive gc invocation
    *** recursive gc invocation
    *** recursive gc invocation
    *** recursive gc invocation
    *** recursive gc invocation
    *** recursive gc invocation
    *** recursive gc invocation
    *** recursive gc invocation
    *** recursive gc invocation
    *** recursive gc invocation
    *** recursive gc invocation
    *** recursive gc invocation
    *** recursive gc invocation
    *** recursive gc invocation
    *** recursive gc invocation
    *** recursive gc invocation
    *** recursive gc invocation
    *** recursive gc invocation
    *** recursive gc invocation
    *** recursive gc invocation
    *** recursive gc invocation
    *** recursive gc invocation
    *** recursive gc invocation
    *** recursive gc invocation
    *** recursive gc invocation
    *** recursive gc invocation
    *** recursive gc invocation
    *** recursive gc invocation
    *** recursive gc invocation
    *** recursive gc invocation
    *** recursive gc invocation
    *** recursive gc invocation
    *** recursive gc invocation
    *** recursive gc invocation
    *** recursive gc invocation
    *** recursive gc invocation
    *** recursive gc invocation
    *** recursive gc invocation
    *** recursive gc invocation
    *** recursive gc invocation
    *** recursive gc invocation
    *** recursive gc invocation
    *** recursive gc invocation
    *** recursive gc invocation
    *** recursive gc invocation
    *** recursive gc invocation
    *** recursive gc invocation
    *** recursive gc invocation
    *** recursive gc invocation
    *** recursive gc invocation
    *** recursive gc invocation
    *** recursive gc invocation
    *** recursive gc invocation
    *** recursive gc invocation
    *** recursive gc invocation
    *** recursive gc invocation
    *** recursive gc invocation
    *** recursive gc invocation
    *** recursive gc invocation
    *** recursive gc invocation
    *** recursive gc invocation
    *** recursive gc invocation
    *** recursive gc invocation
    *** recursive gc invocation
    *** recursive gc invocation
    *** recursive gc invocation
    *** recursive gc invocation
    *** recursive gc invocation
    *** recursive gc invocation
    *** recursive gc invocation
    *** recursive gc invocation
    *** recursive gc invocation
    *** recursive gc invocation
    *** recursive gc invocation
    *** recursive gc invocation
    *** recursive gc invocation
    *** recursive gc invocation
    *** recursive gc invocation
    *** recursive gc invocation
    *** recursive gc invocation
    *** recursive gc invocation
    *** recursive gc invocation
    *** recursive gc invocation
    *** recursive gc invocation
    *** recursive gc invocation
    *** recursive gc invocation
    *** recursive gc invocation
    *** recursive gc invocation
    *** recursive gc invocation
    *** recursive gc invocation
    *** recursive gc invocation
    *** recursive gc invocation
    *** recursive gc invocation
    *** recursive gc invocation
    *** recursive gc invocation
    *** recursive gc invocation
    *** recursive gc invocation
    *** recursive gc invocation
    *** recursive gc invocation
    *** recursive gc invocation
    *** recursive gc invocation
    *** recursive gc invocation
    *** recursive gc invocation
    *** recursive gc invocation
    *** recursive gc invocation
    *** recursive gc invocation
    *** recursive gc invocation
    *** recursive gc invocation
    *** recursive gc invocation
Flavor: r-devel-windows-x86_64-new-UL

Version: 0.1.0
Check: dependencies in R code
Result: NOTE
    Namespace in Imports field not imported from: 'R6'
     All declared Imports should be used.
Flavors: r-devel-windows-x86_64-new-TK, r-release-macos-arm64, r-release-macos-x86_64, r-oldrel-macos-x86_64

Version: 0.1.0
Check: re-building of vignette outputs
Result: WARN
    Error(s) in re-building vignettes:
    --- re-building 'multidplyr.Rmd' using rmarkdown
    *** recursive gc invocation
    *** recursive gc invocation
    *** recursive gc invocation
    *** recursive gc invocation
    *** recursive gc invocation
    *** recursive gc invocation
    *** recursive gc invocation
    *** recursive gc invocation
    *** recursive gc invocation
    *** recursive gc invocation
    *** recursive gc invocation
    *** recursive gc invocation
    *** recursive gc invocation
    *** recursive gc invocation
    *** recursive gc invocation
    *** recursive gc invocation
    *** recursive gc invocation
    *** recursive gc invocation
    *** recursive gc invocation
Flavor: r-devel-windows-x86_64-new-TK

Version: 0.1.0
Check: re-building of vignette outputs
Result: WARN
    Error(s) in re-building vignettes:
    --- re-building 'multidplyr.Rmd' using rmarkdown
    *** recursive gc invocation
    *** recursive gc invocation
    *** recursive gc invocation
    *** recursive gc invocation
    *** recursive gc invocation
    *** recursive gc invocation
    *** recursive gc invocation
    *** recursive gc invocation
    *** recursive gc invocation
    *** recursive gc invocation
    *** recursive gc invocation
    *** recursive gc invocation
    *** recursive gc invocation
    *** recursive gc invocation
Flavor: r-devel-windows-x86_64-old