CRAN Package Check Results for Package multifamm

Last updated on 2022-01-23 22:49:47 CET.

Flavor Version Tinstall Tcheck Ttotal Status Flags
r-devel-linux-x86_64-debian-clang 0.1.1 5.59 68.42 74.01 OK
r-devel-linux-x86_64-debian-gcc 0.1.1 5.14 55.26 60.40 OK
r-devel-linux-x86_64-fedora-clang 0.1.1 89.45 OK
r-devel-linux-x86_64-fedora-gcc 0.1.1 75.25 OK
r-devel-windows-x86_64-new-UL 0.1.1 44.00 90.00 134.00 OK
r-devel-windows-x86_64-new-TK 0.1.1 ERROR
r-patched-linux-x86_64 0.1.1 5.97 60.86 66.83 OK
r-release-linux-x86_64 0.1.1 4.90 62.46 67.36 OK
r-release-macos-arm64 0.1.1 OK
r-release-macos-x86_64 0.1.1 OK
r-release-windows-ix86+x86_64 0.1.1 14.00 72.00 86.00 OK
r-oldrel-macos-x86_64 0.1.1 OK
r-oldrel-windows-ix86+x86_64 0.1.1 14.00 74.00 88.00 OK

Check Details

Version: 0.1.1
Check: package dependencies
Result: ERROR
    Package required but not available: 'sparseFLMM'
    
    See section 'The DESCRIPTION file' in the 'Writing R Extensions'
    manual.
Flavor: r-devel-windows-x86_64-new-TK