CRAN Package Check Results for Package multiselect

Last updated on 2022-01-15 23:00:33 CET.

Flavor Version Tinstall Tcheck Ttotal Status Flags
r-devel-linux-x86_64-debian-clang 0.1.0 2.07 35.50 37.57 NOTE
r-devel-linux-x86_64-debian-gcc 0.1.0 1.74 27.68 29.42 NOTE
r-devel-linux-x86_64-fedora-clang 0.1.0 46.64 NOTE
r-devel-linux-x86_64-fedora-gcc 0.1.0 35.81 NOTE
r-devel-windows-x86_64-new-UL 0.1.0 17.00 57.00 74.00 NOTE
r-devel-windows-x86_64-new-TK 0.1.0 NOTE
r-patched-linux-x86_64 0.1.0 1.35 34.24 35.59 NOTE
r-release-linux-x86_64 0.1.0 1.60 34.26 35.86 NOTE
r-release-macos-arm64 0.1.0 NOTE
r-release-macos-x86_64 0.1.0 NOTE
r-release-windows-ix86+x86_64 0.1.0 6.00 44.00 50.00 NOTE
r-oldrel-macos-x86_64 0.1.0 OK
r-oldrel-windows-ix86+x86_64 0.1.0 7.00 43.00 50.00 OK

Check Details

Version: 0.1.0
Check: LazyData
Result: NOTE
     'LazyData' is specified without a 'data' directory
Flavors: r-devel-linux-x86_64-debian-clang, r-devel-linux-x86_64-debian-gcc, r-devel-linux-x86_64-fedora-clang, r-devel-linux-x86_64-fedora-gcc, r-devel-windows-x86_64-new-UL, r-devel-windows-x86_64-new-TK, r-patched-linux-x86_64, r-release-linux-x86_64, r-release-macos-arm64, r-release-macos-x86_64, r-release-windows-ix86+x86_64