CRAN Package Check Results for Package multiwayvcov

Last updated on 2021-12-01 22:53:17 CET.

Flavor Version Tinstall Tcheck Ttotal Status Flags
r-devel-linux-x86_64-debian-clang 1.2.3 2.44 26.70 29.14 OK
r-devel-linux-x86_64-debian-gcc 1.2.3 2.09 22.08 24.17 OK
r-devel-linux-x86_64-fedora-clang 1.2.3 46.88 NOTE
r-devel-linux-x86_64-fedora-gcc 1.2.3 35.75 OK
r-devel-windows-x86_64-new-UL 1.2.3 6.00 61.00 67.00 OK
r-devel-windows-x86_64-new-TK 1.2.3 OK
r-devel-windows-x86_64-old 1.2.3 6.00 32.00 38.00 OK
r-patched-linux-x86_64 1.2.3 2.61 25.47 28.08 OK
r-patched-solaris-x86 1.2.3 54.40 OK
r-release-linux-x86_64 1.2.3 2.77 25.47 28.24 OK
r-release-macos-arm64 1.2.3 OK
r-release-macos-x86_64 1.2.3 OK
r-release-windows-ix86+x86_64 1.2.3 6.00 43.00 49.00 OK
r-oldrel-macos-x86_64 1.2.3 OK
r-oldrel-windows-ix86+x86_64 1.2.3 7.00 45.00 52.00 OK

Check Details

Version: 1.2.3
Check: Rd cross-references
Result: NOTE
    Undeclared package ‘lfe’ in Rd xrefs
Flavor: r-devel-linux-x86_64-fedora-clang