Last updated on 2023-06-03 22:56:47 CEST.
Flavor | Version | Tinstall | Tcheck | Ttotal | Status | Flags |
---|---|---|---|---|---|---|
r-devel-linux-x86_64-debian-clang | 1.2.3 | 2.72 | 27.07 | 29.79 | OK | |
r-devel-linux-x86_64-debian-gcc | 1.2.3 | 2.38 | 21.61 | 23.99 | OK | |
r-devel-linux-x86_64-fedora-clang | 1.2.3 | 38.30 | NOTE | |||
r-devel-linux-x86_64-fedora-gcc | 1.2.3 | 36.29 | OK | |||
r-devel-windows-x86_64 | 1.2.3 | 4.00 | 44.00 | 48.00 | OK | |
r-patched-linux-x86_64 | 1.2.3 | OK | ||||
r-release-linux-x86_64 | 1.2.3 | 2.79 | 26.65 | 29.44 | OK | |
r-release-macos-arm64 | 1.2.3 | 16.00 | OK | |||
r-release-macos-x86_64 | 1.2.3 | 24.00 | OK | |||
r-release-windows-x86_64 | 1.2.3 | 5.00 | 44.00 | 49.00 | OK | |
r-oldrel-macos-arm64 | 1.2.3 | 19.00 | OK | |||
r-oldrel-macos-x86_64 | 1.2.3 | 25.00 | OK | |||
r-oldrel-windows-x86_64 | 1.2.3 | 5.00 | 45.00 | 50.00 | OK |
Version: 1.2.3
Check: Rd cross-references
Result: NOTE
Undeclared package ‘lfe’ in Rd xrefs
Flavor: r-devel-linux-x86_64-fedora-clang