CRAN Package Check Results for Package musclesyneRgies

Last updated on 2023-03-21 22:56:13 CET.

Flavor Version Tinstall Tcheck Ttotal Status Flags
r-devel-linux-x86_64-debian-clang 1.2.5 5.73 134.78 140.51 ERROR
r-devel-linux-x86_64-debian-gcc 1.2.5 2.98 101.77 104.75 ERROR
r-devel-linux-x86_64-fedora-clang 1.2.5 199.50 OK
r-devel-linux-x86_64-fedora-gcc 1.2.5 206.43 OK
r-patched-linux-x86_64 1.2.5 5.39 147.63 153.02 OK
r-release-linux-x86_64 1.2.5 4.34 145.65 149.99 OK
r-release-macos-arm64 1.2.5 76.00 OK
r-release-macos-x86_64 1.2.5 87.00 OK
r-release-windows-x86_64 1.2.5 47.00 188.00 235.00 OK
r-oldrel-macos-arm64 1.2.5 69.00 OK
r-oldrel-macos-x86_64 1.2.5 81.00 OK
r-oldrel-windows-ix86+x86_64 1.2.5 10.00 195.00 205.00 OK

Check Details

Version: 1.2.5
Check: examples
Result: ERROR
    Running examples in ‘musclesyneRgies-Ex.R’ failed
    The error most likely occurred in:
    
    > base::assign(".ptime", proc.time(), pos = "CheckExEnv")
    > ### Name: sMLE
    > ### Title: Short-term maximum Lyapunov exponents
    > ### Aliases: sMLE
    >
    > ### ** Examples
    >
    > # Load some primitives
    > data("primitives")
    > # Calculate sMLE of motor primitives in the muscle synergy space
    > short_term_MLE <- sMLE(primitives,
    + mean_period = 80,
    + future_pts = 200,
    + norm = "z",
    + pts = 30
    + )
    Error in FNN::get.knn(P[1:upper_limit, ], k = mean_period) :
     DLL requires the use of native symbols
    Calls: sMLE -> <Anonymous>
    Execution halted
Flavors: r-devel-linux-x86_64-debian-clang, r-devel-linux-x86_64-debian-gcc

Version: 1.2.5
Check: tests
Result: ERROR
     Running ‘testthat.R’ [23s/26s]
    Running the tests in ‘tests/testthat.R’ failed.
    Complete output:
     > library(testthat)
     > library(musclesyneRgies)
     >
     > test_check("musclesyneRgies")
     [ FAIL 1 | WARN 35 | SKIP 0 | PASS 48 ]
    
     ══ Failed tests ════════════════════════════════════════════════════════════════
     ── Error ('test-sMLE.R:4:3'): sMLE works ───────────────────────────────────────
     Error in `FNN::get.knn(P[1:upper_limit, ], k = mean_period)`: DLL requires the use of native symbols
     Backtrace:
     ▆
     1. ├─testthat::expect_equal(...) at test-sMLE.R:4:2
     2. │ └─testthat::quasi_label(enquo(object), label, arg = "object")
     3. │ └─rlang::eval_bare(expr, quo_get_env(quo))
     4. └─musclesyneRgies::sMLE(...)
     5. └─FNN::get.knn(P[1:upper_limit, ], k = mean_period)
    
     [ FAIL 1 | WARN 35 | SKIP 0 | PASS 48 ]
     Error: Test failures
     Execution halted
Flavor: r-devel-linux-x86_64-debian-clang

Version: 1.2.5
Check: tests
Result: ERROR
     Running ‘testthat.R’ [17s/26s]
    Running the tests in ‘tests/testthat.R’ failed.
    Complete output:
     > library(testthat)
     > library(musclesyneRgies)
     >
     > test_check("musclesyneRgies")
     [ FAIL 1 | WARN 35 | SKIP 0 | PASS 48 ]
    
     ══ Failed tests ════════════════════════════════════════════════════════════════
     ── Error ('test-sMLE.R:4:3'): sMLE works ───────────────────────────────────────
     Error in `FNN::get.knn(P[1:upper_limit, ], k = mean_period)`: DLL requires the use of native symbols
     Backtrace:
     ▆
     1. ├─testthat::expect_equal(...) at test-sMLE.R:4:2
     2. │ └─testthat::quasi_label(enquo(object), label, arg = "object")
     3. │ └─rlang::eval_bare(expr, quo_get_env(quo))
     4. └─musclesyneRgies::sMLE(...)
     5. └─FNN::get.knn(P[1:upper_limit, ], k = mean_period)
    
     [ FAIL 1 | WARN 35 | SKIP 0 | PASS 48 ]
     Error: Test failures
     Execution halted
Flavor: r-devel-linux-x86_64-debian-gcc