CRAN Package Check Results for Package music

Last updated on 2022-05-18 21:53:21 CEST.

Flavor Version Tinstall Tcheck Ttotal Status Flags
r-devel-linux-x86_64-debian-clang 0.1.1 1.88 35.68 37.56 NOTE
r-devel-linux-x86_64-debian-gcc 0.1.1 2.05 28.01 30.06 NOTE
r-devel-linux-x86_64-fedora-clang 0.1.1 46.71 NOTE
r-devel-linux-x86_64-fedora-gcc 0.1.1 45.81 NOTE
r-devel-windows-x86_64 0.1.1 10.00 53.00 63.00 NOTE
r-patched-linux-x86_64 0.1.1 2.13 34.74 36.87 NOTE
r-release-linux-x86_64 0.1.1 2.56 34.10 36.66 NOTE
r-release-macos-arm64 0.1.1 17.00 NOTE
r-release-macos-x86_64 0.1.1 23.00 NOTE
r-release-windows-x86_64 0.1.1 15.00 53.00 68.00 NOTE
r-oldrel-macos-arm64 0.1.1 23.00 NOTE
r-oldrel-macos-x86_64 0.1.1 31.00 NOTE
r-oldrel-windows-ix86+x86_64 0.1.1 6.00 45.00 51.00 NOTE

Check Details

Version: 0.1.1
Check: LazyData
Result: NOTE
     'LazyData' is specified without a 'data' directory
Flavors: r-devel-linux-x86_64-debian-clang, r-devel-linux-x86_64-debian-gcc, r-devel-linux-x86_64-fedora-clang, r-devel-linux-x86_64-fedora-gcc, r-devel-windows-x86_64, r-patched-linux-x86_64, r-release-linux-x86_64, r-release-macos-arm64, r-release-macos-x86_64, r-release-windows-x86_64, r-oldrel-macos-arm64, r-oldrel-macos-x86_64, r-oldrel-windows-ix86+x86_64