CRAN Package Check Results for Package mwaved

Last updated on 2022-01-28 23:00:43 CET.

Flavor Version Tinstall Tcheck Ttotal Status Flags
r-devel-linux-x86_64-debian-clang 1.1.8 30.76 90.58 121.34 OK
r-devel-linux-x86_64-debian-gcc 1.1.8 25.13 67.15 92.28 OK
r-devel-linux-x86_64-fedora-clang 1.1.8 151.05 OK
r-devel-linux-x86_64-fedora-gcc 1.1.8 136.62 OK
r-devel-windows-x86_64-new-UL 1.1.8 49.00 138.00 187.00 OK
r-devel-windows-x86_64-new-TK 1.1.8 OK
r-patched-linux-x86_64 1.1.8 29.10 77.59 106.69 OK
r-release-linux-x86_64 1.1.8 29.97 77.65 107.62 OK
r-release-macos-arm64 1.1.8 OK
r-release-macos-x86_64 1.1.8 OK
r-release-windows-ix86+x86_64 1.1.8 67.00 140.00 207.00 NOTE
r-oldrel-macos-x86_64 1.1.8 OK
r-oldrel-windows-ix86+x86_64 1.1.8 67.00 135.00 202.00 NOTE

Check Details

Version: 1.1.8
Check: installed package size
Result: NOTE
     installed size is 5.1Mb
     sub-directories of 1Mb or more:
     libs 3.9Mb
Flavors: r-release-windows-ix86+x86_64, r-oldrel-windows-ix86+x86_64