CRAN Package Check Results for Package myClim

Last updated on 2024-02-29 22:58:51 CET.

Flavor Version Tinstall Tcheck Ttotal Status Flags
r-devel-linux-x86_64-debian-clang 1.1.0 13.84 353.35 367.19 NOTE
r-devel-linux-x86_64-debian-gcc 1.1.0 10.46 265.00 275.46 NOTE
r-devel-linux-x86_64-fedora-clang 1.1.0 427.22 NOTE
r-devel-linux-x86_64-fedora-gcc 1.1.0 433.51 NOTE
r-devel-windows-x86_64 1.1.0 13.00 318.00 331.00 NOTE
r-patched-linux-x86_64 1.1.0 12.67 337.79 350.46 NOTE
r-release-linux-x86_64 1.1.0 8.30 341.01 349.31 NOTE
r-release-macos-arm64 1.1.0 131.00 NOTE
r-release-macos-x86_64 1.1.0 292.00 NOTE
r-release-windows-x86_64 1.1.0 17.00 387.00 404.00 NOTE
r-oldrel-macos-arm64 1.1.0 132.00 NOTE
r-oldrel-windows-x86_64 1.1.0 16.00 402.00 418.00 NOTE

Check Details

Version: 1.1.0
Check: package dependencies
Result: NOTE Package suggested but not available for checking: ‘rTubeDB’ Flavors: r-devel-linux-x86_64-debian-clang, r-devel-linux-x86_64-debian-gcc, r-devel-linux-x86_64-fedora-clang, r-devel-linux-x86_64-fedora-gcc, r-devel-windows-x86_64, r-patched-linux-x86_64, r-release-linux-x86_64, r-release-macos-arm64, r-release-macos-x86_64, r-release-windows-x86_64, r-oldrel-macos-arm64, r-oldrel-windows-x86_64

Version: 1.1.0
Check: Rd cross-references
Result: NOTE Package unavailable to check Rd xrefs: ‘rTubeDB’ Flavors: r-devel-linux-x86_64-debian-clang, r-devel-linux-x86_64-debian-gcc, r-devel-linux-x86_64-fedora-clang, r-devel-linux-x86_64-fedora-gcc, r-devel-windows-x86_64, r-patched-linux-x86_64, r-release-linux-x86_64, r-release-macos-arm64, r-release-macos-x86_64, r-release-windows-x86_64, r-oldrel-macos-arm64, r-oldrel-windows-x86_64

Version: 1.1.0
Check: data for non-ASCII characters
Result: NOTE Note: found 4 marked UTF-8 strings Flavors: r-devel-linux-x86_64-fedora-clang, r-devel-linux-x86_64-fedora-gcc