CRAN Package Check Results for Package naniar

Last updated on 2024-02-28 22:59:25 CET.

Flavor Version Tinstall Tcheck Ttotal Status Flags
r-devel-linux-x86_64-debian-clang 1.0.0 7.84 166.05 173.89 NOTE
r-devel-linux-x86_64-debian-gcc 1.0.0 7.34 124.48 131.82 NOTE
r-devel-linux-x86_64-fedora-clang 1.0.0 221.39 NOTE
r-devel-linux-x86_64-fedora-gcc 1.0.0 217.05 NOTE
r-devel-windows-x86_64 1.0.0 9.00 161.00 170.00 OK
r-patched-linux-x86_64 1.0.0 6.86 163.71 170.57 OK
r-release-linux-x86_64 1.0.0 5.78 159.52 165.30 OK
r-release-macos-arm64 1.0.0 81.00 OK
r-release-macos-x86_64 1.0.0 126.00 OK
r-release-windows-x86_64 1.0.0 13.00 197.00 210.00 OK
r-oldrel-macos-arm64 1.0.0 73.00 OK
r-oldrel-windows-x86_64 1.0.0 12.00 213.00 225.00 OK

Check Details

Version: 1.0.0
Check: Rd files
Result: NOTE checkRd: (-1) mcar_test.Rd:28: Lost braces; missing escapes or markup? 28 | Code is adapted from LittleMCAR() in the now-orphaned {BaylorEdPsych} | ^ checkRd: (-1) mcar_test.Rd:31: Lost braces; missing escapes or markup? 31 | using Maximum likelihood estimation from {norm}. | ^ Flavors: r-devel-linux-x86_64-debian-clang, r-devel-linux-x86_64-debian-gcc, r-devel-linux-x86_64-fedora-clang, r-devel-linux-x86_64-fedora-gcc