CRAN Package Check Results for Package narray

Last updated on 2024-02-22 23:14:07 CET.

Flavor Version Tinstall Tcheck Ttotal Status Flags
r-devel-linux-x86_64-debian-clang 0.5.1 NOTE
r-devel-linux-x86_64-debian-gcc 0.5.1 19.93 30.78 50.71 NOTE
r-devel-linux-x86_64-fedora-clang 0.5.1 89.41 NOTE
r-devel-linux-x86_64-fedora-gcc 0.5.1 98.88 NOTE
r-devel-windows-x86_64 0.5.1 22.00 72.00 94.00 NOTE
r-patched-linux-x86_64 0.5.1 24.47 39.11 63.58 NOTE
r-release-linux-x86_64 0.5.1 25.87 38.88 64.75 NOTE
r-release-macos-arm64 0.5.1 34.00 NOTE
r-release-macos-x86_64 0.5.1 51.00 NOTE
r-release-windows-x86_64 0.5.1 26.00 81.00 107.00 NOTE
r-oldrel-macos-arm64 0.5.1 29.00 OK
r-oldrel-windows-x86_64 0.5.1 28.00 76.00 104.00 OK

Check Details

Version: 0.5.1
Check: C++ specification
Result: NOTE Specified C++11: please drop specification unless essential Flavors: r-devel-linux-x86_64-debian-clang, r-devel-linux-x86_64-debian-gcc, r-devel-linux-x86_64-fedora-clang, r-devel-linux-x86_64-fedora-gcc, r-devel-windows-x86_64, r-patched-linux-x86_64, r-release-linux-x86_64, r-release-macos-arm64, r-release-macos-x86_64, r-release-windows-x86_64