CRAN Package Check Results for Package nat.nblast

Last updated on 2022-05-21 22:58:19 CEST.

Flavor Version Tinstall Tcheck Ttotal Status Flags
r-devel-linux-x86_64-debian-clang 1.6.5 10.69 114.60 125.29 ERROR
r-devel-linux-x86_64-debian-gcc 1.6.5 8.36 87.76 96.12 ERROR
r-devel-linux-x86_64-fedora-clang 1.6.5 98.84 NOTE
r-devel-linux-x86_64-fedora-gcc 1.6.5 100.61 NOTE
r-devel-windows-x86_64 1.6.5 41.00 142.00 183.00 ERROR
r-patched-linux-x86_64 1.6.5 12.00 110.04 122.04 OK
r-release-linux-x86_64 1.6.5 8.35 111.32 119.67 ERROR
r-release-macos-arm64 1.6.5 41.00 OK
r-release-macos-x86_64 1.6.5 58.00 OK
r-release-windows-x86_64 1.6.5 40.00 140.00 180.00 ERROR
r-oldrel-macos-arm64 1.6.5 56.00 OK
r-oldrel-macos-x86_64 1.6.5 73.00 OK
r-oldrel-windows-ix86+x86_64 1.6.5 23.00 127.00 150.00 OK

Check Details

Version: 1.6.5
Check: re-building of vignette outputs
Result: ERROR
    Error(s) in re-building vignettes:
     ...
    --- re-building 'NBLAST-Clustering.Rmd' using rmarkdown
    Loading required package: rgl
    Loading required package: nat
    Some nat functions depend on a CMTK installation. See ?cmtk and README.md for details.
    
    Attaching package: 'nat'
    
    The following objects are masked from 'package:base':
    
     intersect, setdiff, union
    
    Error: processing vignette 'NBLAST-Clustering.Rmd' failed with diagnostics:
    Invalid path to Chrome
    --- failed re-building 'NBLAST-Clustering.Rmd'
    
    SUMMARY: processing the following file failed:
     'NBLAST-Clustering.Rmd'
    
    Error: Vignette re-building failed.
    Execution halted
Flavors: r-devel-linux-x86_64-debian-clang, r-devel-linux-x86_64-debian-gcc, r-release-linux-x86_64

Version: 1.6.5
Check: for detritus in the temp directory
Result: NOTE
    Found the following files/directories:
     ‘Crashpad’
Flavors: r-devel-linux-x86_64-fedora-clang, r-devel-linux-x86_64-fedora-gcc

Version: 1.6.5
Check: re-building of vignette outputs
Result: ERROR
    Error(s) in re-building vignettes:
    --- re-building 'NBLAST-Clustering.Rmd' using rmarkdown
    Loading required package: rgl
    Loading required package: nat
    Some nat functions depend on a CMTK installation. See ?cmtk and README.md for details.
    
    Attaching package: 'nat'
    
    The following objects are masked from 'package:base':
    
     intersect, setdiff, union
    
    Error: processing vignette 'NBLAST-Clustering.Rmd' failed with diagnostics:
    Invalid path to Chrome
    --- failed re-building 'NBLAST-Clustering.Rmd'
    
    SUMMARY: processing the following file failed:
     'NBLAST-Clustering.Rmd'
    
    Error: Vignette re-building failed.
    Execution halted
Flavors: r-devel-windows-x86_64, r-release-windows-x86_64